Last updated on 2021-04-22 11:50:26 CEST.
Flavor | Version | Tinstall | Tcheck | Ttotal | Status | Flags |
---|---|---|---|---|---|---|
r-devel-linux-x86_64-debian-clang | 1.4.0 | 3.78 | 41.04 | 44.82 | OK | |
r-devel-linux-x86_64-debian-gcc | 1.4.0 | 2.90 | 31.38 | 34.28 | OK | |
r-devel-linux-x86_64-fedora-clang | 1.4.0 | 66.45 | NOTE | |||
r-devel-linux-x86_64-fedora-gcc | 1.4.0 | 54.68 | NOTE | |||
r-devel-windows-ix86+x86_64 | 1.4.0 | 7.00 | 65.00 | 72.00 | OK | |
r-devel-windows-x86_64-gcc10-UCRT | 1.4.0 | NOTE | ||||
r-patched-linux-x86_64 | 1.4.0 | 3.53 | 39.05 | 42.58 | OK | |
r-patched-solaris-x86 | 1.4.0 | 74.30 | NOTE | |||
r-release-linux-x86_64 | 1.4.0 | 3.68 | 38.91 | 42.59 | OK | |
r-release-macos-x86_64 | 1.4.0 | NOTE | ||||
r-release-windows-ix86+x86_64 | 1.4.0 | 7.00 | 64.00 | 71.00 | OK | |
r-oldrel-macos-x86_64 | 1.4.0 | NOTE | ||||
r-oldrel-windows-ix86+x86_64 | 1.4.0 | 19.00 | 55.00 | 74.00 | OK |
Version: 1.4.0
Check: dependencies in R code
Result: NOTE
Namespace in Imports field not imported from: ‘raster’
All declared Imports should be used.
Flavors: r-devel-linux-x86_64-fedora-clang, r-devel-linux-x86_64-fedora-gcc, r-devel-windows-x86_64-gcc10-UCRT, r-patched-solaris-x86, r-release-macos-x86_64, r-oldrel-macos-x86_64