CRAN Package Check Results for Package prophet

Last updated on 2018-10-22 11:48:33 CEST.

Flavor Version Tinstall Tcheck Ttotal Status Flags
r-devel-linux-x86_64-debian-clang 0.3.0.1 100.06 200.46 300.52 OK
r-devel-linux-x86_64-debian-gcc 0.3.0.1 102.33 163.78 266.11 OK
r-devel-linux-x86_64-fedora-clang 0.3.0.1 387.56 NOTE
r-devel-linux-x86_64-fedora-gcc 0.3.0.1 387.88 OK
r-devel-windows-ix86+x86_64 0.3.0.1 7.00 6.00 13.00 ERROR
r-patched-linux-x86_64 0.3.0.1 114.95 203.58 318.53 OK
r-patched-solaris-x86 0.3.0.1 66.80 ERROR --no-tests
r-release-linux-x86_64 0.3.0.1 0.43 1.93 2.36 ERROR
r-release-windows-ix86+x86_64 0.3.0.1 7.00 6.00 13.00 ERROR
r-release-osx-x86_64 0.3.0.1 OK
r-oldrel-windows-ix86+x86_64 0.3.0.1 3.00 6.00 9.00 ERROR
r-oldrel-osx-x86_64 0.3.0.1 OK

Check Details

Version: 0.3.0.1
Check: installed package size
Result: NOTE
     installed size is 8.4Mb
     sub-directories of 1Mb or more:
     libs 8.0Mb
Flavor: r-devel-linux-x86_64-fedora-clang

Version: 0.3.0.1
Check: whether package can be installed
Result: ERROR
    Installation failed.
Flavors: r-devel-windows-ix86+x86_64, r-release-windows-ix86+x86_64, r-oldrel-windows-ix86+x86_64

Version: 0.3.0.1
Flags: --no-tests
Check: whether package can be installed
Result: ERROR
    Installation failed.
Flavor: r-patched-solaris-x86

Version: 0.3.0.1
Check: package dependencies
Result: ERROR
    Package required but not available: ‘dygraphs’
    
    See section ‘The DESCRIPTION file’ in the ‘Writing R Extensions’
    manual.
Flavor: r-release-linux-x86_64