CRAN Package Check Results for Package prophet

Last updated on 2018-01-20 09:51:24 CET.

Flavor Version Tinstall Tcheck Ttotal Status Flags
r-devel-linux-x86_64-debian-clang 0.2.1 167.78 181.72 349.50 OK
r-devel-linux-x86_64-debian-gcc 0.2.1 147.05 140.16 287.21 OK
r-devel-linux-x86_64-fedora-clang 0.2.1 461.26 NOTE
r-devel-linux-x86_64-fedora-gcc 0.2.1 460.67 NOTE
r-devel-windows-ix86+x86_64 0.2.1 455.00 1413.00 1868.00 NOTE
r-patched-linux-x86_64 0.2.1 169.91 181.24 351.15 OK
r-patched-solaris-x86 0.2.1 59.20 ERROR --no-tests
r-release-linux-x86_64 0.2.1 173.12 181.06 354.18 OK
r-release-windows-ix86+x86_64 0.2.1 601.00 1374.00 1975.00 NOTE
r-release-osx-x86_64 0.2.1 ERROR
r-oldrel-windows-ix86+x86_64 0.2.1 604.00 1313.00 1917.00 NOTE
r-oldrel-osx-x86_64 0.2.1 OK

Check Details

Version: 0.2.1
Check: installed package size
Result: NOTE
     installed size is 15.7Mb
     sub-directories of 1Mb or more:
     libs 14.4Mb
Flavors: r-devel-linux-x86_64-fedora-clang, r-devel-linux-x86_64-fedora-gcc, r-devel-windows-ix86+x86_64, r-release-windows-ix86+x86_64, r-oldrel-windows-ix86+x86_64

Version: 0.2.1
Flags: --no-tests
Check: whether package can be installed
Result: ERROR
    Installation failed.
Flavor: r-patched-solaris-x86

Version: 0.2.1
Check: tests
Result: ERROR
     Running ‘testthat.R’ [58s/59s]
    Running the tests in ‘tests/testthat.R’ failed.
    Last 13 lines of output:
     Initial log joint probability = -15.5191
     Optimization terminated normally:
     Convergence detected: relative gradient magnitude is below tolerance
     Initial log joint probability = -15.5191
     Optimization terminated normally:
     Convergence detected: relative gradient magnitude is below tolerance
     Initial log joint probability = -15.5191
     Optimization terminated normally:
     Convergence detected: relative gradient magnitude is below tolerance
     ══ testthat results ═══════════════════════════════════════════════════════════
     OK: 230 SKIPPED: 0 FAILED: 1
     1. Error: logistic_floor (@test_prophet.R#89)
    
     Error: testthat unit tests failed
     Execution halted
Flavor: r-release-osx-x86_64