CRAN Package Check Results for Package prophet

Last updated on 2018-04-25 17:49:28 CEST.

Flavor Version Tinstall Tcheck Ttotal Status Flags
r-devel-linux-x86_64-debian-clang 0.2.1 166.47 157.33 323.80 OK
r-devel-linux-x86_64-debian-gcc 0.2.1 154.74 120.41 275.15 OK
r-devel-linux-x86_64-fedora-clang 0.2.1 442.29 NOTE
r-devel-linux-x86_64-fedora-gcc 0.2.1 439.38 NOTE
r-devel-windows-ix86+x86_64 0.2.1 611.00 1282.00 1893.00 NOTE
r-patched-linux-x86_64 0.2.1 182.09 155.25 337.34 OK
r-patched-solaris-x86 0.2.1 323.70 OK --no-tests
r-release-linux-x86_64 0.2.1 174.85 156.38 331.23 OK
r-release-windows-ix86+x86_64 0.2.1 611.00 1282.00 1893.00 NOTE
r-release-osx-x86_64 0.2.1 ERROR
r-oldrel-windows-ix86+x86_64 0.2.1 459.00 1394.00 1853.00 NOTE
r-oldrel-osx-x86_64 0.2.1 ERROR

Check Details

Version: 0.2.1
Check: installed package size
Result: NOTE
     installed size is 15.8Mb
     sub-directories of 1Mb or more:
     libs 14.5Mb
Flavors: r-devel-linux-x86_64-fedora-clang, r-devel-linux-x86_64-fedora-gcc, r-devel-windows-ix86+x86_64, r-release-windows-ix86+x86_64, r-oldrel-windows-ix86+x86_64

Version: 0.2.1
Check: tests
Result: ERROR
     Running ‘testthat.R’ [69s/113s]
    Running the tests in ‘tests/testthat.R’ failed.
    Last 13 lines of output:
     Initial log joint probability = -15.5191
     Optimization terminated normally:
     Convergence detected: relative gradient magnitude is below tolerance
     Initial log joint probability = -15.5191
     Optimization terminated normally:
     Convergence detected: relative gradient magnitude is below tolerance
     Initial log joint probability = -15.5191
     Optimization terminated normally:
     Convergence detected: relative gradient magnitude is below tolerance
     ══ testthat results ═══════════════════════════════════════════════════════════
     OK: 230 SKIPPED: 0 FAILED: 1
     1. Error: logistic_floor (@test_prophet.R#89)
    
     Error: testthat unit tests failed
     Execution halted
Flavor: r-release-osx-x86_64

Version: 0.2.1
Check: tests
Result: ERROR
     Running ‘testthat.R’ [54s/54s]
    Running the tests in ‘tests/testthat.R’ failed.
    Last 13 lines of output:
     Initial log joint probability = -15.5191
     Optimization terminated normally:
     Convergence detected: relative gradient magnitude is below tolerance
     Initial log joint probability = -15.5191
     Optimization terminated normally:
     Convergence detected: relative gradient magnitude is below tolerance
     Initial log joint probability = -15.5191
     Optimization terminated normally:
     Convergence detected: relative gradient magnitude is below tolerance
     ══ testthat results ═══════════════════════════════════════════════════════════
     OK: 230 SKIPPED: 0 FAILED: 1
     1. Error: logistic_floor (@test_prophet.R#89)
    
     Error: testthat unit tests failed
     Execution halted
Flavor: r-oldrel-osx-x86_64