CRAN Package Check Results for Package prophet

Last updated on 2018-07-18 05:48:53 CEST.

Flavor Version Tinstall Tcheck Ttotal Status Flags
r-devel-linux-x86_64-debian-clang 0.3.0.1 95.95 190.53 286.48 OK
r-devel-linux-x86_64-debian-gcc 0.3.0.1 78.01 150.23 228.24 OK
r-devel-linux-x86_64-fedora-clang 0.3.0.1 355.69 NOTE
r-devel-linux-x86_64-fedora-gcc 0.3.0.1 358.64 OK
r-devel-windows-ix86+x86_64 0.3.0.1 320.00 1088.00 1408.00 OK
r-patched-linux-x86_64 0.3.0.1 91.38 188.04 279.42 OK
r-patched-solaris-x86 0.3.0.1 231.50 OK --no-tests
r-release-linux-x86_64 0.3.0.1 87.65 187.79 275.44 OK
r-release-windows-ix86+x86_64 0.3.0.1 322.00 1047.00 1369.00 OK
r-release-osx-x86_64 0.3.0.1 OK
r-oldrel-windows-ix86+x86_64 0.3.0.1 321.00 864.00 1185.00 OK
r-oldrel-osx-x86_64 0.3.0.1 OK

Check Details

Version: 0.3.0.1
Check: installed package size
Result: NOTE
     installed size is 7.8Mb
     sub-directories of 1Mb or more:
     libs 7.4Mb
Flavor: r-devel-linux-x86_64-fedora-clang