CRAN Package Check Results for Package prabclus

Last updated on 2021-02-27 10:56:40 CET.

Flavor Version Tinstall Tcheck Ttotal Status Flags
r-devel-linux-x86_64-debian-clang 2.3-2 8.28 89.23 97.51 OK
r-devel-linux-x86_64-debian-gcc 2.3-2 5.59 67.48 73.07 OK
r-devel-linux-x86_64-fedora-clang 2.3-2 124.60 OK
r-devel-linux-x86_64-fedora-gcc 2.3-2 113.98 OK
r-devel-windows-ix86+x86_64 2.3-2 10.00 87.00 97.00 OK
r-patched-linux-x86_64 2.3-2 7.31 84.17 91.48 OK
r-patched-solaris-x86 2.3-2 154.20 OK
r-release-linux-x86_64 2.3-2 7.09 85.60 92.69 OK
r-release-macos-x86_64 2.3-2 OK
r-release-windows-ix86+x86_64 2.3-2 11.00 9.00 20.00 ERROR
r-oldrel-macos-x86_64 2.3-2 OK
r-oldrel-windows-ix86+x86_64 2.3-2 9.00 108.00 117.00 OK

Check Details

Version: 2.3-2
Check: whether package can be installed
Result: ERROR
    Installation failed.
    See 'd:/Rcompile/CRANpkg/local/4.0/prabclus.Rcheck/00install.out'* DONE
Flavor: r-release-windows-ix86+x86_64