CRAN Package Check Results for Package portes

Last updated on 2021-06-25 11:52:37 CEST.

Flavor Version Tinstall Tcheck Ttotal Status Flags
r-devel-linux-x86_64-debian-clang 5.0 7.65 94.55 102.20 OK
r-devel-linux-x86_64-debian-gcc 5.0 7.94 69.66 77.60 OK
r-devel-linux-x86_64-fedora-clang 5.0 131.02 NOTE
r-devel-linux-x86_64-fedora-gcc 5.0 122.88 OK
r-devel-windows-x86_64 5.0 15.00 95.00 110.00 OK
r-devel-windows-x86_64-gcc10-UCRT 5.0 OK
r-patched-linux-x86_64 5.0 8.93 88.28 97.21 OK
r-patched-solaris-x86 5.0 169.60 OK
r-release-linux-x86_64 5.0 8.78 87.97 96.75 OK
r-release-macos-arm64 5.0 OK
r-release-macos-x86_64 5.0 OK
r-release-windows-ix86+x86_64 5.0 15.00 127.00 142.00 OK
r-oldrel-macos-x86_64 5.0 OK
r-oldrel-windows-ix86+x86_64 5.0 23.00 106.00 129.00 OK

Check Details

Version: 5.0
Check: Rd cross-references
Result: NOTE
    Undeclared package ‘TSA’ in Rd xrefs
Flavor: r-devel-linux-x86_64-fedora-clang