CRAN Package Check Results for Package polyPK

Last updated on 2021-05-16 17:47:00 CEST.

Flavor Version Tinstall Tcheck Ttotal Status Flags
r-devel-linux-x86_64-debian-clang 3.1.0 30.28 308.15 338.43 NOTE
r-devel-linux-x86_64-debian-gcc 3.1.0 28.18 229.32 257.50 NOTE
r-devel-linux-x86_64-fedora-clang 3.1.0 417.91 NOTE
r-devel-linux-x86_64-fedora-gcc 3.1.0 406.99 NOTE
r-devel-windows-ix86+x86_64 3.1.0 64.00 282.00 346.00 OK
r-devel-windows-x86_64-gcc10-UCRT 3.1.0 OK
r-patched-linux-x86_64 3.1.0 29.15 299.08 328.23 NOTE
r-patched-solaris-x86 3.1.0 477.40 NOTE
r-release-linux-x86_64 3.1.0 29.72 288.28 318.00 NOTE
r-release-macos-x86_64 3.1.0 OK
r-release-windows-ix86+x86_64 3.1.0 47.00 288.00 335.00 OK
r-oldrel-macos-x86_64 3.1.0 OK
r-oldrel-windows-ix86+x86_64 3.1.0 37.00 286.00 323.00 OK

Check Details

Version: 3.1.0
Check: for non-standard things in the check directory
Result: NOTE
    Found the following files/directories:
     'AbsorbedDrugMetabolites' 'CorrelationResults'
     'EndogenousMetabolites' 'HeatMap' 'PKresults'
     'SecondAbsorbedMetabolites' 'preprocessed-data'
Flavors: r-devel-linux-x86_64-debian-clang, r-devel-linux-x86_64-debian-gcc, r-devel-linux-x86_64-fedora-clang, r-devel-linux-x86_64-fedora-gcc, r-patched-linux-x86_64, r-patched-solaris-x86, r-release-linux-x86_64