CRAN Package Check Results for Package polished

Last updated on 2021-05-18 17:48:20 CEST.

Flavor Version Tinstall Tcheck Ttotal Status Flags
r-devel-linux-x86_64-debian-clang 0.3.0 11.39 75.32 86.71 NOTE
r-devel-linux-x86_64-debian-gcc 0.3.0 8.06 56.62 64.68 NOTE
r-devel-linux-x86_64-fedora-clang 0.3.0 110.97 NOTE
r-devel-linux-x86_64-fedora-gcc 0.3.0 99.80 NOTE
r-devel-windows-ix86+x86_64 0.3.0 25.00 74.00 99.00 NOTE
r-devel-windows-x86_64-gcc10-UCRT 0.3.0 NOTE
r-patched-linux-x86_64 0.3.0 11.14 71.81 82.95 NOTE
r-patched-solaris-x86 0.3.0 153.90 NOTE
r-release-linux-x86_64 0.3.0 11.87 70.33 82.20 OK
r-release-macos-x86_64 0.3.0 OK
r-release-windows-ix86+x86_64 0.3.0 18.00 73.00 91.00 OK
r-oldrel-macos-x86_64 0.3.0 OK
r-oldrel-windows-ix86+x86_64 0.3.0 13.00 94.00 107.00 OK

Check Details

Version: 0.3.0
Check: LazyData
Result: NOTE
     'LazyData' is specified without a 'data' directory
Flavors: r-devel-linux-x86_64-debian-clang, r-devel-linux-x86_64-debian-gcc, r-devel-linux-x86_64-fedora-clang, r-devel-linux-x86_64-fedora-gcc, r-devel-windows-ix86+x86_64, r-devel-windows-x86_64-gcc10-UCRT, r-patched-linux-x86_64, r-patched-solaris-x86

Version: 0.3.0
Check: package dependencies
Result: NOTE
    Imports includes 24 non-default packages.
    Importing from so many packages makes the package vulnerable to any of
    them becoming unavailable. Move as many as possible to Suggests and
    use conditionally.
Flavor: r-devel-linux-x86_64-fedora-clang