CRAN Package Check Results for Package poliscidata

Last updated on 2020-01-25 04:46:59 CET.

Flavor Version Tinstall Tcheck Ttotal Status Flags
r-devel-linux-x86_64-debian-clang 2.2.3 16.00 122.22 138.22 NOTE
r-devel-linux-x86_64-debian-gcc 2.2.3 16.36 94.50 110.86 NOTE
r-devel-linux-x86_64-fedora-clang 2.2.3 176.93 WARN
r-devel-linux-x86_64-fedora-gcc 2.2.3 169.90 NOTE
r-devel-windows-ix86+x86_64 2.2.3 68.00 227.00 295.00 OK
r-devel-windows-ix86+x86_64-gcc8 2.2.3 68.00 160.00 228.00 OK
r-patched-linux-x86_64 2.2.3 15.01 108.45 123.46 OK
r-patched-solaris-x86 2.2.3 235.60 OK
r-release-linux-x86_64 2.2.3 15.39 108.39 123.78 OK
r-release-windows-ix86+x86_64 2.2.3 36.00 246.00 282.00 OK
r-release-osx-x86_64 2.2.3 OK
r-oldrel-windows-ix86+x86_64 2.2.3 23.00 207.00 230.00 OK
r-oldrel-osx-x86_64 2.2.3 OK

Check Details

Version: 2.2.3
Check: for non-standard things in the check directory
Result: NOTE
    Found the following files/directories:
     'Table.Output.html'
Flavors: r-devel-linux-x86_64-debian-clang, r-devel-linux-x86_64-debian-gcc, r-devel-linux-x86_64-fedora-clang, r-devel-linux-x86_64-fedora-gcc

Version: 2.2.3
Check: package dependencies
Result: WARN
    Requires orphaned package: ‘gplots’
Flavor: r-devel-linux-x86_64-fedora-clang