Last updated on 2021-04-18 11:46:57 CEST.
Flavor | Version | Tinstall | Tcheck | Ttotal | Status | Flags |
---|---|---|---|---|---|---|
r-devel-linux-x86_64-debian-clang | 0.7.0 | 18.81 | 188.73 | 207.54 | OK | |
r-devel-linux-x86_64-debian-gcc | 0.7.0 | 16.98 | 139.30 | 156.28 | OK | |
r-devel-linux-x86_64-fedora-clang | 0.7.0 | 260.24 | OK | |||
r-devel-linux-x86_64-fedora-gcc | 0.7.0 | 233.01 | OK | |||
r-devel-windows-ix86+x86_64 | 0.7.0 | 36.00 | 187.00 | 223.00 | OK | |
r-devel-windows-x86_64-gcc10-UCRT | 0.7.0 | NOTE | ||||
r-patched-linux-x86_64 | 0.7.0 | 18.20 | 179.60 | 197.80 | OK | |
r-patched-solaris-x86 | 0.7.0 | 306.20 | NOTE | |||
r-release-linux-x86_64 | 0.7.0 | 15.06 | 179.31 | 194.37 | OK | |
r-release-macos-x86_64 | 0.7.0 | OK | ||||
r-release-windows-ix86+x86_64 | 0.7.0 | 35.00 | 234.00 | 269.00 | OK | |
r-oldrel-macos-x86_64 | 0.7.0 | OK | ||||
r-oldrel-windows-ix86+x86_64 | 0.7.0 | 19.00 | 187.00 | 206.00 | OK |
Version: 0.7.0
Check: package dependencies
Result: NOTE
Package suggested but not available for checking: 'arrow'
Flavor: r-devel-windows-x86_64-gcc10-UCRT
Version: 0.7.0
Check: installed package size
Result: NOTE
installed size is 5.2Mb
sub-directories of 1Mb or more:
help 2.9Mb
Flavor: r-patched-solaris-x86