CRAN Package Check Results for Package pmclust

Last updated on 2024-05-22 00:54:13 CEST.

Flavor Version Tinstall Tcheck Ttotal Status Flags
r-devel-linux-x86_64-debian-clang 0.2-1 8.58 74.49 83.07 OK
r-devel-linux-x86_64-debian-gcc 0.2-1 7.07 56.46 63.53 OK
r-devel-linux-x86_64-fedora-clang 0.2-1 112.71 OK
r-devel-linux-x86_64-fedora-gcc 0.2-1 119.32 OK
r-devel-windows-x86_64 0.2-1 9.00 101.00 110.00 OK
r-patched-linux-x86_64 0.2-1 8.95 71.84 80.79 OK
r-release-linux-x86_64 0.2-1 7.97 72.88 80.85 OK
r-release-macos-arm64 0.2-1 5.00 ERROR
r-release-macos-x86_64 0.2-1 8.00 ERROR
r-release-windows-x86_64 0.2-1 9.00 101.00 110.00 OK
r-oldrel-macos-arm64 0.2-1 10.00 ERROR
r-oldrel-macos-x86_64 0.2-1 11.00 ERROR
r-oldrel-windows-x86_64 0.2-1 9.00 97.00 106.00 OK

Check Details

Version: 0.2-1
Check: package dependencies
Result: ERROR Package required but not available: ‘pbdMPI’ See section ‘The DESCRIPTION file’ in the ‘Writing R Extensions’ manual. Flavors: r-release-macos-arm64, r-release-macos-x86_64, r-oldrel-macos-arm64, r-oldrel-macos-x86_64