Last updated on 2021-04-21 11:53:39 CEST.
Flavor | Version | Tinstall | Tcheck | Ttotal | Status | Flags |
---|---|---|---|---|---|---|
r-devel-linux-x86_64-debian-clang | 0.1.1 | 11.25 | 110.00 | 121.25 | NOTE | |
r-devel-linux-x86_64-debian-gcc | 0.1.1 | 9.41 | 82.57 | 91.98 | NOTE | |
r-devel-linux-x86_64-fedora-clang | 0.1.1 | 162.74 | NOTE | |||
r-devel-linux-x86_64-fedora-gcc | 0.1.1 | 141.24 | NOTE | |||
r-devel-windows-ix86+x86_64 | 0.1.1 | 19.00 | 94.00 | 113.00 | NOTE | |
r-devel-windows-x86_64-gcc10-UCRT | 0.1.1 | NOTE | ||||
r-patched-linux-x86_64 | 0.1.1 | 10.52 | 101.49 | 112.01 | OK | |
r-patched-solaris-x86 | 0.1.1 | 204.10 | OK | |||
r-release-linux-x86_64 | 0.1.1 | 10.67 | 100.52 | 111.19 | OK | |
r-release-macos-x86_64 | 0.1.1 | OK | ||||
r-release-windows-ix86+x86_64 | 0.1.1 | 27.00 | 101.00 | 128.00 | OK | |
r-oldrel-macos-x86_64 | 0.1.1 | OK | ||||
r-oldrel-windows-ix86+x86_64 | 0.1.1 | 24.00 | 118.00 | 142.00 | OK |
Version: 0.1.1
Check: LazyData
Result: NOTE
'LazyData' is specified without a 'data' directory
Flavors: r-devel-linux-x86_64-debian-clang, r-devel-linux-x86_64-debian-gcc, r-devel-linux-x86_64-fedora-clang, r-devel-linux-x86_64-fedora-gcc, r-devel-windows-ix86+x86_64, r-devel-windows-x86_64-gcc10-UCRT