CRAN Package Check Results for Package plotly

Last updated on 2020-08-10 00:47:02 CEST.

Flavor Version Tinstall Tcheck Ttotal Status Flags
r-devel-linux-x86_64-debian-clang 4.9.2.1 17.19 235.26 252.45 OK
r-devel-linux-x86_64-debian-gcc 4.9.2.1 13.61 167.43 181.04 OK
r-devel-linux-x86_64-fedora-clang 4.9.2.1 284.49 NOTE
r-devel-linux-x86_64-fedora-gcc 4.9.2.1 275.46 OK
r-devel-windows-ix86+x86_64 4.9.2.1 39.00 323.00 362.00 NOTE
r-patched-linux-x86_64 4.9.2.1 15.58 221.98 237.56 OK
r-patched-solaris-x86 4.9.2.1 359.10 NOTE
r-release-linux-x86_64 4.9.2.1 15.54 219.23 234.77 OK
r-release-macos-x86_64 4.9.2.1 NOTE
r-release-windows-ix86+x86_64 4.9.2.1 55.00 322.00 377.00 NOTE
r-oldrel-macos-x86_64 4.9.2.1 NOTE
r-oldrel-windows-ix86+x86_64 4.9.2.1 24.00 233.00 257.00 NOTE

Check Details

Version: 4.9.2.1
Check: installed package size
Result: NOTE
     installed size is 6.8Mb
     sub-directories of 1Mb or more:
     htmlwidgets 3.7Mb
Flavors: r-devel-linux-x86_64-fedora-clang, r-devel-windows-ix86+x86_64, r-patched-solaris-x86, r-release-macos-x86_64, r-release-windows-ix86+x86_64, r-oldrel-macos-x86_64, r-oldrel-windows-ix86+x86_64