CRAN Package Check Results for Package plotly

Last updated on 2019-11-20 04:47:25 CET.

Flavor Version Tinstall Tcheck Ttotal Status Flags
r-devel-linux-x86_64-debian-clang 4.9.1 18.22 265.05 283.27 OK
r-devel-linux-x86_64-debian-gcc 4.9.1 14.44 246.35 260.79 OK
r-devel-linux-x86_64-fedora-clang 4.9.1 273.95 NOTE
r-devel-linux-x86_64-fedora-gcc 4.9.1 274.90 OK
r-devel-windows-ix86+x86_64 4.9.1 52.00 233.00 285.00 NOTE
r-devel-windows-ix86+x86_64-gcc8 4.9.1 30.00 227.00 257.00 NOTE
r-patched-linux-x86_64 4.9.1 15.19 228.96 244.15 NOTE
r-patched-solaris-x86 4.9.1 325.00 NOTE
r-release-linux-x86_64 4.9.1 14.51 238.11 252.62 OK
r-release-windows-ix86+x86_64 4.9.1 44.00 293.00 337.00 NOTE
r-release-osx-x86_64 4.9.1 NOTE
r-oldrel-windows-ix86+x86_64 4.9.1 25.00 278.00 303.00 NOTE
r-oldrel-osx-x86_64 4.9.1 NOTE

Check Details

Version: 4.9.1
Check: installed package size
Result: NOTE
     installed size is 6.6Mb
     sub-directories of 1Mb or more:
     htmlwidgets 3.6Mb
Flavors: r-devel-linux-x86_64-fedora-clang, r-devel-windows-ix86+x86_64, r-devel-windows-ix86+x86_64-gcc8, r-patched-solaris-x86, r-release-windows-ix86+x86_64, r-release-osx-x86_64, r-oldrel-windows-ix86+x86_64, r-oldrel-osx-x86_64

Version: 4.9.1
Check: package dependencies
Result: NOTE
    Package suggested but not available for checking: ‘vdiffr’
Flavor: r-patched-linux-x86_64