CRAN Package Check Results for Package plotluck

Last updated on 2020-08-06 17:49:28 CEST.

Flavor Version Tinstall Tcheck Ttotal Status Flags
r-devel-linux-x86_64-debian-clang 1.1.1 7.90 160.56 168.46 OK
r-devel-linux-x86_64-debian-gcc 1.1.1 5.92 118.28 124.20 OK
r-devel-linux-x86_64-fedora-clang 1.1.1 196.36 NOTE
r-devel-linux-x86_64-fedora-gcc 1.1.1 190.37 NOTE
r-devel-windows-ix86+x86_64 1.1.1 30.00 178.00 208.00 OK
r-patched-linux-x86_64 1.1.1 6.47 150.38 156.85 OK
r-patched-solaris-x86 1.1.1 272.80 NOTE
r-release-linux-x86_64 1.1.1 4.70 150.98 155.68 OK
r-release-macos-x86_64 1.1.1 NOTE
r-release-windows-ix86+x86_64 1.1.1 17.00 222.00 239.00 OK
r-oldrel-macos-x86_64 1.1.1 NOTE
r-oldrel-windows-ix86+x86_64 1.1.1 13.00 162.00 175.00 OK

Check Details

Version: 1.1.1
Check: dependencies in R code
Result: NOTE
    Namespaces in Imports field not imported from:
     ‘hexbin’ ‘quantreg’
     All declared Imports should be used.
Flavors: r-devel-linux-x86_64-fedora-clang, r-devel-linux-x86_64-fedora-gcc, r-patched-solaris-x86, r-release-macos-x86_64, r-oldrel-macos-x86_64