CRAN Package Check Results for Package plink

Last updated on 2024-05-18 01:08:07 CEST.

Flavor Version Tinstall Tcheck Ttotal Status Flags
r-devel-linux-x86_64-debian-clang 1.5-1 36.97 134.65 171.62 NOTE
r-devel-linux-x86_64-debian-gcc 1.5-1 25.79 94.08 119.87 NOTE
r-devel-linux-x86_64-fedora-clang 1.5-1 208.18 NOTE
r-devel-linux-x86_64-fedora-gcc 1.5-1 235.04 NOTE
r-devel-windows-x86_64 1.5-1 27.00 130.00 157.00 NOTE
r-patched-linux-x86_64 1.5-1 36.71 116.95 153.66 NOTE
r-release-linux-x86_64 1.5-1 35.44 126.90 162.34 NOTE
r-release-macos-arm64 1.5-1 68.00 NOTE
r-release-windows-x86_64 1.5-1 27.00 130.00 157.00 NOTE
r-oldrel-macos-arm64 1.5-1 65.00 OK
r-oldrel-macos-x86_64 1.5-1 108.00 OK
r-oldrel-windows-x86_64 1.5-1 26.00 147.00 173.00 OK

Check Details

Version: 1.5-1
Check: Rd files
Result: NOTE checkRd: (-1) as.weight.Rd:56-60: Lost braces in \itemize; meant \describe ? checkRd: (-1) as.weight.Rd:62-63: Lost braces in \itemize; meant \describe ? checkRd: (-1) as.weight.Rd:65-66: Lost braces in \itemize; meant \describe ? checkRd: (-1) as.weight.Rd:68-70: Lost braces in \itemize; meant \describe ? checkRd: (-1) as.weight.Rd:72-73: Lost braces in \itemize; meant \describe ? checkRd: (-1) as.weight.Rd:78-80: Lost braces in \itemize; meant \describe ? checkRd: (-1) as.weight.Rd:82-83: Lost braces in \itemize; meant \describe ? checkRd: (-1) as.weight.Rd:85-92: Lost braces in \itemize; meant \describe ? checkRd: (-1) as.weight.Rd:94-96: Lost braces in \itemize; meant \describe ? checkRd: (-1) as.weight.Rd:98-104: Lost braces in \itemize; meant \describe ? checkRd: (-1) plink-package.Rd:13-37: Lost braces in \itemize; meant \describe ? checkRd: (-1) plink-package.Rd:18: Lost braces in \itemize; meant \describe ? checkRd: (-1) plink-package.Rd:19: Lost braces in \itemize; meant \describe ? checkRd: (-1) plink-package.Rd:20: Lost braces in \itemize; meant \describe ? checkRd: (-1) plink-package.Rd:21: Lost braces in \itemize; meant \describe ? checkRd: (-1) plink-package.Rd:22: Lost braces in \itemize; meant \describe ? checkRd: (-1) plink-package.Rd:23: Lost braces in \itemize; meant \describe ? checkRd: (-1) plink-package.Rd:24: Lost braces in \itemize; meant \describe ? checkRd: (-1) plink-package.Rd:25: Lost braces in \itemize; meant \describe ? checkRd: (-1) plink-package.Rd:27: Lost braces in \itemize; meant \describe ? checkRd: (-1) plink-package.Rd:28: Lost braces in \itemize; meant \describe ? checkRd: (-1) plink-package.Rd:29: Lost braces in \itemize; meant \describe ? checkRd: (-1) plink-package.Rd:30: Lost braces in \itemize; meant \describe ? checkRd: (-1) plink-package.Rd:31: Lost braces in \itemize; meant \describe ? checkRd: (-1) plink-package.Rd:32: Lost braces in \itemize; meant \describe ? checkRd: (-1) plink-package.Rd:33: Lost braces in \itemize; meant \describe ? checkRd: (-1) plink-package.Rd:34: Lost braces in \itemize; meant \describe ? checkRd: (-1) plink-package.Rd:39-81: Lost braces in \itemize; meant \describe ? checkRd: (-1) plink-package.Rd:44: Lost braces in \itemize; meant \describe ? checkRd: (-1) plink-package.Rd:45-46: Lost braces in \itemize; meant \describe ? checkRd: (-1) plink-package.Rd:47: Lost braces in \itemize; meant \describe ? checkRd: (-1) plink-package.Rd:48: Lost braces in \itemize; meant \describe ? checkRd: (-1) plink-package.Rd:54: Lost braces in \itemize; meant \describe ? checkRd: (-1) plink-package.Rd:55: Lost braces in \itemize; meant \describe ? checkRd: (-1) plink-package.Rd:56: Lost braces in \itemize; meant \describe ? checkRd: (-1) plink-package.Rd:57: Lost braces in \itemize; meant \describe ? checkRd: (-1) plink-package.Rd:63: Lost braces in \itemize; meant \describe ? checkRd: (-1) plink-package.Rd:64: Lost braces in \itemize; meant \describe ? checkRd: (-1) plink-package.Rd:65-66: Lost braces in \itemize; meant \describe ? checkRd: (-1) plink-package.Rd:71-72: Lost braces in \itemize; meant \describe ? checkRd: (-1) plink-package.Rd:73-74: Lost braces in \itemize; meant \describe ? checkRd: (-1) plink-package.Rd:75-76: Lost braces in \itemize; meant \describe ? checkRd: (-1) plink-package.Rd:83: Lost braces in \itemize; meant \describe ? checkRd: (-1) plink-package.Rd:85-86: Lost braces in \itemize; meant \describe ? checkRd: (-1) plink-package.Rd:88-89: Lost braces in \itemize; meant \describe ? checkRd: (-1) plink-package.Rd:91-93: Lost braces in \itemize; meant \describe ? checkRd: (-1) plink-package.Rd:95-98: Lost braces in \itemize; meant \describe ? checkRd: (-1) plink-package.Rd:100: Lost braces in \itemize; meant \describe ? Flavors: r-devel-linux-x86_64-debian-clang, r-devel-linux-x86_64-debian-gcc, r-devel-linux-x86_64-fedora-clang, r-devel-linux-x86_64-fedora-gcc, r-devel-windows-x86_64, r-patched-linux-x86_64, r-release-linux-x86_64, r-release-macos-arm64, r-release-windows-x86_64