CRAN Package Check Results for Package pkgcache

Last updated on 2020-08-06 17:49:28 CEST.

Flavor Version Tinstall Tcheck Ttotal Status Flags
r-devel-linux-x86_64-debian-clang 1.1.0 13.87 71.40 85.27 OK
r-devel-linux-x86_64-debian-gcc 1.1.0 10.18 53.87 64.05 OK
r-devel-linux-x86_64-fedora-clang 1.1.0 108.51 OK
r-devel-linux-x86_64-fedora-gcc 1.1.0 118.21 OK
r-devel-windows-ix86+x86_64 1.1.0 32.00 120.00 152.00 OK
r-patched-linux-x86_64 1.1.0 12.93 70.42 83.35 OK
r-patched-solaris-x86 1.1.0 130.80 OK
r-release-linux-x86_64 1.1.0 13.99 70.12 84.11 OK
r-release-macos-x86_64 1.1.0 OK
r-release-windows-ix86+x86_64 1.1.0 31.00 91.00 122.00 OK
r-oldrel-macos-x86_64 1.1.0 ERROR
r-oldrel-windows-ix86+x86_64 1.1.0 15.00 90.00 105.00 OK

Check Details

Version: 1.1.0
Check: package dependencies
Result: NOTE
    Package suggested but not available for checking: ‘presser’
Flavor: r-oldrel-macos-x86_64

Version: 1.1.0
Check: tests
Result: ERROR
     Running ‘test-async.R’ [11s/11s]
    Running the tests in ‘tests/test-async.R’ failed.
    Last 13 lines of output:
     utf8 1.1.4 2018-05-24 [2] CRAN (R 3.6.0)
     uuid 0.1-4 2020-02-26 [2] CRAN (R 3.6.0)
     vctrs 0.3.2 2020-07-15 [2] CRAN (R 3.6.2)
     withr 2.2.0 2020-04-20 [2] CRAN (R 3.6.2)
     yaml 2.2.1 2020-02-01 [2] CRAN (R 3.6.0)
    
     [1] /Volumes/SSD-Data/Builds/R-dev-web/QA/Simon/packages/el-capitan-x86_64/results/3.6/pkgcache.Rcheck
     [2] /Volumes/SSD-Data/Builds/R-dev-web/QA/Simon/packages/el-capitan-x86_64/Rlib/3.6
     [3] /Volumes/SSD-Data/Builds/R-dev-web/QA/Simon/packages/el-capitan-x86_64/extralib/3.6
     [4] /Library/Frameworks/R.framework/Versions/3.6/Resources/library
    
     R ── Package was removed from disk.
     Error in loadNamespace(name) : there is no package called 'presser'
     Calls: test ... loadNamespace -> withRestarts -> withOneRestart -> doWithOneRestart
     Execution halted
Flavor: r-oldrel-macos-x86_64