CRAN Package Check Results for Package pitchRx

Last updated on 2020-08-06 17:49:28 CEST.

Flavor Version Tinstall Tcheck Ttotal Status Flags
r-devel-linux-x86_64-debian-clang 1.8.2 11.85 96.53 108.38 NOTE
r-devel-linux-x86_64-debian-gcc 1.8.2 10.54 72.70 83.24 NOTE
r-devel-linux-x86_64-fedora-clang 1.8.2 139.38 NOTE
r-devel-linux-x86_64-fedora-gcc 1.8.2 125.44 NOTE
r-devel-windows-ix86+x86_64 1.8.2 34.00 140.00 174.00 NOTE
r-patched-linux-x86_64 1.8.2 10.94 92.70 103.64 NOTE
r-patched-solaris-x86 1.8.2 189.60 NOTE
r-release-linux-x86_64 1.8.2 12.21 92.82 105.03 NOTE
r-release-macos-x86_64 1.8.2 NOTE
r-release-windows-ix86+x86_64 1.8.2 33.00 99.00 132.00 NOTE
r-oldrel-macos-x86_64 1.8.2 FAIL
r-oldrel-windows-ix86+x86_64 1.8.2 23.00 106.00 129.00 NOTE

Check Details

Version: 1.8.2
Check: package dependencies
Result: NOTE
    Package suggested but not available for checking: 'ggsubplot'
Flavors: r-devel-linux-x86_64-debian-clang, r-devel-linux-x86_64-debian-gcc, r-devel-linux-x86_64-fedora-clang, r-devel-linux-x86_64-fedora-gcc, r-devel-windows-ix86+x86_64, r-patched-linux-x86_64, r-patched-solaris-x86, r-release-linux-x86_64, r-release-macos-x86_64, r-release-windows-ix86+x86_64, r-oldrel-macos-x86_64, r-oldrel-windows-ix86+x86_64

Version: 1.8.2
Check: dependencies in R code
Result: FAIL
Flavor: r-oldrel-macos-x86_64