CRAN Package Check Results for Package pitchRx

Last updated on 2020-01-25 04:46:58 CET.

Flavor Version Tinstall Tcheck Ttotal Status Flags
r-devel-linux-x86_64-debian-clang 1.8.2 12.13 94.00 106.13 NOTE
r-devel-linux-x86_64-debian-gcc 1.8.2 10.38 71.11 81.49 NOTE
r-devel-linux-x86_64-fedora-clang 1.8.2 134.90 NOTE
r-devel-linux-x86_64-fedora-gcc 1.8.2 132.55 NOTE
r-devel-windows-ix86+x86_64 1.8.2 30.00 143.00 173.00 NOTE
r-devel-windows-ix86+x86_64-gcc8 1.8.2 31.00 98.00 129.00 NOTE
r-patched-linux-x86_64 1.8.2 10.15 81.05 91.20 NOTE
r-patched-solaris-x86 1.8.2 165.00 NOTE
r-release-linux-x86_64 1.8.2 9.68 80.97 90.65 NOTE
r-release-windows-ix86+x86_64 1.8.2 21.00 107.00 128.00 NOTE
r-release-osx-x86_64 1.8.2 FAIL
r-oldrel-windows-ix86+x86_64 1.8.2 13.00 90.00 103.00 NOTE
r-oldrel-osx-x86_64 1.8.2 NOTE

Check Details

Version: 1.8.2
Check: package dependencies
Result: NOTE
    Package suggested but not available for checking: 'ggsubplot'
Flavors: r-devel-linux-x86_64-debian-clang, r-devel-linux-x86_64-debian-gcc, r-devel-linux-x86_64-fedora-clang, r-devel-linux-x86_64-fedora-gcc, r-devel-windows-ix86+x86_64, r-devel-windows-ix86+x86_64-gcc8, r-patched-linux-x86_64, r-patched-solaris-x86, r-release-linux-x86_64, r-release-windows-ix86+x86_64, r-release-osx-x86_64, r-oldrel-windows-ix86+x86_64, r-oldrel-osx-x86_64

Version: 1.8.2
Check: dependencies in R code
Result: FAIL
Flavor: r-release-osx-x86_64