CRAN Package Check Results for Package phytotools

Last updated on 2019-07-16 05:48:26 CEST.

Flavor Version Tinstall Tcheck Ttotal Status Flags
r-devel-linux-x86_64-debian-clang 1.0 2.78 35.44 38.22 NOTE
r-devel-linux-x86_64-debian-gcc 1.0 2.83 28.90 31.73 NOTE
r-devel-linux-x86_64-fedora-clang 1.0 47.50 NOTE
r-devel-linux-x86_64-fedora-gcc 1.0 48.12 NOTE
r-devel-windows-ix86+x86_64 1.0 12.00 70.00 82.00 NOTE
r-patched-linux-x86_64 1.0 3.46 36.00 39.46 NOTE
r-patched-solaris-x86 1.0 74.50 NOTE
r-release-linux-x86_64 1.0 3.45 35.96 39.41 NOTE
r-release-windows-ix86+x86_64 1.0 7.00 84.00 91.00 NOTE
r-release-osx-x86_64 1.0 NOTE
r-oldrel-windows-ix86+x86_64 1.0 6.00 53.00 59.00 NOTE
r-oldrel-osx-x86_64 1.0 NOTE

Check Details

Version: 1.0
Check: R code for possible problems
Result: NOTE
    incident: no visible global function definition for 'splinefun'
    incident: no visible global function definition for 'integrate'
    phytoprod: no visible global function definition for 'approx'
    phytoprod: no visible global function definition for 'splinefun'
    phytoprod: no visible global function definition for 'integrate'
    reflectance: no visible global function definition for 'approx'
    Undefined global functions or variables:
     approx integrate splinefun
    Consider adding
     importFrom("stats", "approx", "integrate", "splinefun")
    to your NAMESPACE file.
Flavors: r-devel-linux-x86_64-debian-clang, r-devel-linux-x86_64-debian-gcc, r-devel-linux-x86_64-fedora-clang, r-devel-linux-x86_64-fedora-gcc, r-devel-windows-ix86+x86_64, r-patched-linux-x86_64, r-patched-solaris-x86, r-release-linux-x86_64, r-release-windows-ix86+x86_64, r-release-osx-x86_64, r-oldrel-windows-ix86+x86_64, r-oldrel-osx-x86_64