CRAN Package Check Results for Package phytotools

Last updated on 2019-11-13 10:47:19 CET.

Flavor Version Tinstall Tcheck Ttotal Status Flags
r-devel-linux-x86_64-debian-clang 1.0 3.42 35.90 39.32 NOTE
r-devel-linux-x86_64-debian-gcc 1.0 2.56 28.40 30.96 NOTE
r-devel-linux-x86_64-fedora-clang 1.0 47.39 NOTE
r-devel-linux-x86_64-fedora-gcc 1.0 47.73 NOTE
r-devel-windows-ix86+x86_64 1.0 14.00 53.00 67.00 NOTE
r-patched-linux-x86_64 1.0 3.19 34.90 38.09 NOTE
r-patched-solaris-x86 1.0 70.80 NOTE
r-release-linux-x86_64 1.0 3.10 35.23 38.33 NOTE
r-release-windows-ix86+x86_64 1.0 10.00 52.00 62.00 NOTE
r-release-osx-x86_64 1.0 NOTE
r-oldrel-windows-ix86+x86_64 1.0 5.00 78.00 83.00 NOTE
r-oldrel-osx-x86_64 1.0 NOTE

Check Details

Version: 1.0
Check: R code for possible problems
Result: NOTE
    incident: no visible global function definition for 'splinefun'
    incident: no visible global function definition for 'integrate'
    phytoprod: no visible global function definition for 'approx'
    phytoprod: no visible global function definition for 'splinefun'
    phytoprod: no visible global function definition for 'integrate'
    reflectance: no visible global function definition for 'approx'
    Undefined global functions or variables:
     approx integrate splinefun
    Consider adding
     importFrom("stats", "approx", "integrate", "splinefun")
    to your NAMESPACE file.
Flavors: r-devel-linux-x86_64-debian-clang, r-devel-linux-x86_64-debian-gcc, r-devel-linux-x86_64-fedora-clang, r-devel-linux-x86_64-fedora-gcc, r-devel-windows-ix86+x86_64, r-patched-linux-x86_64, r-patched-solaris-x86, r-release-linux-x86_64, r-release-windows-ix86+x86_64, r-release-osx-x86_64, r-oldrel-windows-ix86+x86_64, r-oldrel-osx-x86_64