CRAN Package Check Results for Package phyr

Last updated on 2021-04-18 11:46:57 CEST.

Flavor Version Tinstall Tcheck Ttotal Status Flags
r-devel-linux-x86_64-debian-clang 1.1.0 164.47 153.00 317.47 NOTE
r-devel-linux-x86_64-debian-gcc 1.1.0 116.12 112.42 228.54 NOTE
r-devel-linux-x86_64-fedora-clang 1.1.0 630.96 NOTE
r-devel-linux-x86_64-fedora-gcc 1.1.0 626.21 OK
r-devel-windows-ix86+x86_64 1.1.0 369.00 192.00 561.00 NOTE
r-devel-windows-x86_64-gcc10-UCRT 1.1.0 NOTE
r-patched-linux-x86_64 1.1.0 143.43 139.33 282.76 NOTE
r-patched-solaris-x86 1.1.0 407.20 NOTE
r-release-linux-x86_64 1.1.0 138.71 139.45 278.16 NOTE
r-release-macos-x86_64 1.1.0 NOTE
r-release-windows-ix86+x86_64 1.1.0 341.00 239.00 580.00 NOTE
r-oldrel-macos-x86_64 1.1.0 NOTE
r-oldrel-windows-ix86+x86_64 1.1.0 236.00 203.00 439.00 NOTE

Check Details

Version: 1.1.0
Check: package dependencies
Result: NOTE
    Package suggested but not available for checking: 'INLA'
Flavors: r-devel-linux-x86_64-debian-clang, r-devel-linux-x86_64-debian-gcc, r-devel-windows-x86_64-gcc10-UCRT, r-patched-linux-x86_64, r-patched-solaris-x86, r-release-linux-x86_64, r-release-macos-x86_64, r-oldrel-macos-x86_64

Version: 1.1.0
Check: installed package size
Result: NOTE
     installed size is 13.8Mb
     sub-directories of 1Mb or more:
     doc 2.0Mb
     libs 11.3Mb
Flavors: r-devel-linux-x86_64-fedora-clang, r-devel-windows-ix86+x86_64, r-release-macos-x86_64, r-release-windows-ix86+x86_64, r-oldrel-macos-x86_64, r-oldrel-windows-ix86+x86_64