Last updated on 2021-04-18 17:47:48 CEST.
Flavor | Version | Tinstall | Tcheck | Ttotal | Status | Flags |
---|---|---|---|---|---|---|
r-devel-linux-x86_64-debian-clang | 2.6.2 | 8.09 | 65.41 | 73.50 | OK | |
r-devel-linux-x86_64-debian-gcc | 2.6.2 | 6.99 | 49.65 | 56.64 | OK | |
r-devel-linux-x86_64-fedora-clang | 2.6.2 | 103.95 | NOTE | |||
r-devel-linux-x86_64-fedora-gcc | 2.6.2 | 96.67 | OK | |||
r-devel-windows-ix86+x86_64 | 2.6.2 | 21.00 | 91.00 | 112.00 | OK | |
r-devel-windows-x86_64-gcc10-UCRT | 2.6.2 | OK | ||||
r-patched-linux-x86_64 | 2.6.2 | 8.86 | 60.99 | 69.85 | OK | |
r-patched-solaris-x86 | 2.6.2 | 119.20 | OK | |||
r-release-linux-x86_64 | 2.6.2 | 8.27 | 61.72 | 69.99 | OK | |
r-release-macos-x86_64 | 2.6.2 | OK | ||||
r-release-windows-ix86+x86_64 | 2.6.2 | 20.00 | 117.00 | 137.00 | OK | |
r-oldrel-macos-x86_64 | 2.6.2 | ERROR | ||||
r-oldrel-windows-ix86+x86_64 | 2.6 | 17.00 | 96.00 | 113.00 | OK |
Version: 2.6.2
Check: Rd cross-references
Result: NOTE
Undeclared packages ‘future’, ‘geiger’, ‘caper’ in Rd xrefs
Flavor: r-devel-linux-x86_64-fedora-clang
Version: 2.6.2
Check: whether package can be installed
Result: ERROR
Installation failed.
Flavor: r-oldrel-macos-x86_64