CRAN Package Check Results for Package ph2mult

Last updated on 2024-05-18 06:17:07 CEST.

Flavor Version Tinstall Tcheck Ttotal Status Flags
r-devel-linux-x86_64-debian-clang 0.1.1 2.18 30.56 32.74 NOTE
r-devel-linux-x86_64-debian-gcc 0.1.1 2.04 23.50 25.54 NOTE
r-devel-linux-x86_64-fedora-clang 0.1.1 42.90 NOTE
r-devel-linux-x86_64-fedora-gcc 0.1.1 46.29 NOTE
r-devel-windows-x86_64 0.1.1 3.00 50.00 53.00 NOTE
r-patched-linux-x86_64 0.1.1 3.21 30.00 33.21 NOTE
r-release-linux-x86_64 0.1.1 2.84 30.41 33.25 NOTE
r-release-macos-arm64 0.1.1 17.00 NOTE
r-release-windows-x86_64 0.1.1 4.00 50.00 54.00 NOTE
r-oldrel-macos-arm64 0.1.1 17.00 NOTE
r-oldrel-macos-x86_64 0.1.1 25.00 NOTE
r-oldrel-windows-x86_64 0.1.1 4.00 52.00 56.00 NOTE

Check Details

Version: 0.1.1
Check: LazyData
Result: NOTE 'LazyData' is specified without a 'data' directory Flavors: r-devel-linux-x86_64-debian-clang, r-devel-linux-x86_64-debian-gcc, r-devel-linux-x86_64-fedora-clang, r-devel-linux-x86_64-fedora-gcc, r-devel-windows-x86_64, r-patched-linux-x86_64, r-release-linux-x86_64, r-release-macos-arm64, r-release-windows-x86_64, r-oldrel-macos-arm64, r-oldrel-macos-x86_64, r-oldrel-windows-x86_64