CRAN Package Check Results for Package ph2bye

Last updated on 2020-10-20 05:48:21 CEST.

Flavor Version Tinstall Tcheck Ttotal Status Flags
r-devel-linux-x86_64-debian-clang 0.1.4 17.07 44.81 61.88 NOTE
r-devel-linux-x86_64-debian-gcc 0.1.4 13.39 28.85 42.24 NOTE
r-devel-linux-x86_64-fedora-clang 0.1.4 87.00 NOTE
r-devel-linux-x86_64-fedora-gcc 0.1.4 70.59 NOTE
r-devel-windows-ix86+x86_64 0.1.4 33.00 68.00 101.00 OK
r-patched-linux-x86_64 0.1.4 18.11 35.04 53.15 NOTE
r-patched-solaris-x86 0.1.4 83.30 NOTE
r-release-linux-x86_64 0.1.4 14.41 34.50 48.91 NOTE
r-release-macos-x86_64 0.1.4 OK
r-release-windows-ix86+x86_64 0.1.4 34.00 66.00 100.00 OK
r-oldrel-macos-x86_64 0.1.4 OK
r-oldrel-windows-ix86+x86_64 0.1.4 28.00 81.00 109.00 OK

Check Details

Version: 0.1.4
Check: for non-standard things in the check directory
Result: NOTE
    Found the following files/directories:
     'animation.gif'
Flavors: r-devel-linux-x86_64-debian-clang, r-devel-linux-x86_64-debian-gcc, r-devel-linux-x86_64-fedora-clang, r-devel-linux-x86_64-fedora-gcc, r-patched-linux-x86_64, r-patched-solaris-x86, r-release-linux-x86_64

Version: 0.1.4
Check: compiled code
Result: NOTE
    File ‘ph2bye/libs/ph2bye.so’:
     Found no calls to: ‘R_registerRoutines’, ‘R_useDynamicSymbols’
    
    It is good practice to register native routines and to disable symbol
    search.
    
    See ‘Writing portable packages’ in the ‘Writing R Extensions’ manual.
Flavors: r-devel-linux-x86_64-fedora-clang, r-devel-linux-x86_64-fedora-gcc