CRAN Package Check Results for Package permGPU

Last updated on 2019-12-11 04:48:24 CET.

Flavor Version Tinstall Tcheck Ttotal Status Flags
r-devel-linux-x86_64-debian-clang 0.14.9 7.92 66.47 74.39 OK --no-examples --no-tests --no-vignettes
r-devel-linux-x86_64-debian-gcc 0.14.9 7.53 51.87 59.40 OK --no-examples --no-tests --no-vignettes
r-patched-linux-x86_64 0.14.9 6.60 60.23 66.83 OK --no-examples --no-tests --no-vignettes
r-release-linux-x86_64 0.14.9 6.91 60.69 67.60 OK --no-examples --no-tests --no-vignettes
r-release-osx-x86_64 0.14.9 ERROR
r-oldrel-osx-x86_64 0.14.9 ERROR

Check Details

Version: 0.14.9
Check: whether package can be installed
Result: ERROR
    Installation failed.
Flavors: r-release-osx-x86_64, r-oldrel-osx-x86_64