CRAN Package Check Results for Package penMSM

Last updated on 2020-02-25 16:48:16 CET.

Flavor Version Tinstall Tcheck Ttotal Status Flags
r-devel-linux-x86_64-debian-clang 0.99 17.17 24.73 41.90 OK
r-devel-linux-x86_64-debian-gcc 0.99 10.46 19.85 30.31 OK
r-devel-linux-x86_64-fedora-clang 0.99 55.28 NOTE
r-devel-linux-x86_64-fedora-gcc 0.99 50.60 NOTE
r-devel-windows-ix86+x86_64 0.99 39.00 53.00 92.00 OK
r-devel-windows-ix86+x86_64-gcc8 0.99 39.00 60.00 99.00 OK
r-patched-linux-x86_64 0.99 12.15 23.54 35.69 OK
r-patched-solaris-x86 0.99 60.40 OK
r-release-linux-x86_64 0.99 12.25 23.21 35.46 OK
r-release-windows-ix86+x86_64 0.99 32.00 54.00 86.00 OK
r-release-osx-x86_64 0.99 OK
r-oldrel-windows-ix86+x86_64 0.99 34.00 58.00 92.00 OK
r-oldrel-osx-x86_64 0.99 OK

Check Details

Version: 0.99
Check: compiled code
Result: NOTE
    File ‘penMSM/libs/penMSM.so’:
     Found no calls to: ‘R_registerRoutines’, ‘R_useDynamicSymbols’
    
    It is good practice to register native routines and to disable symbol
    search.
    
    See ‘Writing portable packages’ in the ‘Writing R Extensions’ manual.
Flavors: r-devel-linux-x86_64-fedora-clang, r-devel-linux-x86_64-fedora-gcc