Last updated on 2021-04-22 11:50:25 CEST.
Flavor | Version | Tinstall | Tcheck | Ttotal | Status | Flags |
---|---|---|---|---|---|---|
r-devel-linux-x86_64-debian-clang | 0.2.0 | 15.04 | 118.45 | 133.49 | OK | |
r-devel-linux-x86_64-debian-gcc | 0.2.0 | 13.69 | 89.87 | 103.56 | OK | |
r-devel-linux-x86_64-fedora-clang | 0.2.0 | 178.27 | NOTE | |||
r-devel-linux-x86_64-fedora-gcc | 0.2.0 | 158.62 | NOTE | |||
r-devel-windows-ix86+x86_64 | 0.2.0 | 31.00 | 133.00 | 164.00 | OK | |
r-devel-windows-x86_64-gcc10-UCRT | 0.2.0 | NOTE | ||||
r-patched-linux-x86_64 | 0.2.0 | 16.23 | 110.53 | 126.76 | OK | |
r-patched-solaris-x86 | 0.2.0 | 264.50 | NOTE | |||
r-release-linux-x86_64 | 0.2.0 | 16.22 | 110.34 | 126.56 | OK | |
r-release-macos-x86_64 | 0.2.0 | NOTE | ||||
r-release-windows-ix86+x86_64 | 0.2.0 | 29.00 | 121.00 | 150.00 | OK | |
r-oldrel-macos-x86_64 | 0.2.0 | NOTE | ||||
r-oldrel-windows-ix86+x86_64 | 0.2.0 | 28.00 | 149.00 | 177.00 | OK |
Version: 0.2.0
Check: data for non-ASCII characters
Result: NOTE
Note: found 118 marked UTF-8 strings
Flavors: r-devel-linux-x86_64-fedora-clang, r-devel-linux-x86_64-fedora-gcc, r-devel-windows-x86_64-gcc10-UCRT, r-patched-solaris-x86, r-release-macos-x86_64, r-oldrel-macos-x86_64