CRAN Package Check Results for Package peRiodiCS

Last updated on 2024-05-23 11:49:36 CEST.

Flavor Version Tinstall Tcheck Ttotal Status Flags
r-devel-linux-x86_64-debian-clang 0.5.0 7.27 66.10 73.37 OK
r-devel-linux-x86_64-debian-gcc 0.5.0 5.78 48.95 54.73 OK
r-devel-linux-x86_64-fedora-clang 0.5.0 89.99 NOTE
r-devel-linux-x86_64-fedora-gcc 0.5.0 86.23 NOTE
r-devel-windows-x86_64 0.5.0 7.00 67.00 74.00 OK
r-patched-linux-x86_64 0.5.0 4.82 62.62 67.44 OK
r-release-linux-x86_64 0.5.0 4.59 62.59 67.18 OK
r-release-macos-arm64 0.5.0 30.00 OK
r-release-windows-x86_64 0.5.0 8.00 67.00 75.00 OK
r-oldrel-macos-arm64 0.5.0 32.00 OK
r-oldrel-macos-x86_64 0.5.0 46.00 OK
r-oldrel-windows-x86_64 0.5.0 10.00 77.00 87.00 OK

Check Details

Version: 0.5.0
Check: dependencies in R code
Result: NOTE Namespace in Imports field not imported from: ‘rms’ All declared Imports should be used. Flavors: r-devel-linux-x86_64-fedora-clang, r-devel-linux-x86_64-fedora-gcc