Last updated on 2021-04-22 11:50:25 CEST.
Flavor | Version | Tinstall | Tcheck | Ttotal | Status | Flags |
---|---|---|---|---|---|---|
r-devel-linux-x86_64-debian-clang | 1.0.5 | 56.04 | 64.59 | 120.63 | OK | |
r-devel-linux-x86_64-debian-gcc | 1.0.5 | 36.66 | 48.61 | 85.27 | OK | |
r-devel-linux-x86_64-fedora-clang | 1.0.5 | 167.42 | OK | |||
r-devel-linux-x86_64-fedora-gcc | 1.0.5 | 141.29 | OK | |||
r-devel-windows-ix86+x86_64 | 1.0.5 | 111.00 | 112.00 | 223.00 | OK | |
r-devel-windows-x86_64-gcc10-UCRT | 1.0.5 | OK | ||||
r-patched-linux-x86_64 | 1.0.5 | 42.61 | 60.10 | 102.71 | OK | |
r-patched-solaris-x86 | 1.0.5 | 172.90 | OK | |||
r-release-linux-x86_64 | 1.0.5 | 39.06 | 60.41 | 99.47 | OK | |
r-release-macos-x86_64 | 1.0.5 | NOTE | ||||
r-release-windows-ix86+x86_64 | 1.0.5 | 107.00 | 102.00 | 209.00 | OK | |
r-oldrel-macos-x86_64 | 1.0.5 | NOTE | ||||
r-oldrel-windows-ix86+x86_64 | 1.0.5 | 95.00 | 112.00 | 207.00 | OK |
Version: 1.0.5
Check: installed package size
Result: NOTE
installed size is 6.0Mb
sub-directories of 1Mb or more:
libs 4.3Mb
Flavors: r-release-macos-x86_64, r-oldrel-macos-x86_64