CRAN Package Check Results for Package pbivnorm

Last updated on 2024-05-24 11:58:34 CEST.

Flavor Version Tinstall Tcheck Ttotal Status Flags
r-devel-linux-x86_64-debian-clang 0.6.0 2.82 19.51 22.33 OK
r-devel-linux-x86_64-debian-gcc 0.6.0 2.03 15.86 17.89 OK
r-devel-linux-x86_64-fedora-clang 0.6.0 29.29 NOTE
r-devel-linux-x86_64-fedora-gcc 0.6.0 27.25 NOTE
r-devel-windows-x86_64 0.6.0 5.00 36.00 41.00 OK
r-patched-linux-x86_64 0.6.0 2.37 19.02 21.39 OK
r-release-linux-x86_64 0.6.0 2.61 19.29 21.90 OK
r-release-macos-arm64 0.6.0 14.00 OK
r-release-windows-x86_64 0.6.0 4.00 34.00 38.00 OK
r-oldrel-macos-arm64 0.6.0 17.00 OK
r-oldrel-macos-x86_64 0.6.0 20.00 OK
r-oldrel-windows-x86_64 0.6.0 5.00 36.00 41.00 OK

Check Details

Version: 0.6.0
Check: compiled code
Result: NOTE File ‘pbivnorm/libs/pbivnorm.so’: Found no calls to: ‘R_registerRoutines’, ‘R_useDynamicSymbols’ It is good practice to register native routines and to disable symbol search. See ‘Writing portable packages’ in the ‘Writing R Extensions’ manual. Flavors: r-devel-linux-x86_64-fedora-clang, r-devel-linux-x86_64-fedora-gcc