CRAN Package Check Results for Package pbdSLAP

Last updated on 2019-11-13 10:47:19 CET.

Flavor Version Tinstall Tcheck Ttotal Status Flags
r-devel-linux-x86_64-debian-clang 0.2-6 149.14 8.47 157.61 ERROR
r-devel-linux-x86_64-debian-gcc 0.2-6 110.55 34.46 145.01 OK
r-devel-linux-x86_64-fedora-clang 0.2-6 259.80 NOTE
r-devel-linux-x86_64-fedora-gcc 0.2-6 248.53 OK
r-devel-windows-ix86+x86_64 0.2-6 480.00 83.00 563.00 NOTE
r-patched-linux-x86_64 0.2-6 117.11 42.10 159.21 OK
r-patched-solaris-x86 0.2-6 271.20 OK
r-release-linux-x86_64 0.2-6 120.72 41.92 162.64 OK
r-release-windows-ix86+x86_64 0.2-6 399.00 81.00 480.00 NOTE
r-release-osx-x86_64 0.2-6 ERROR
r-oldrel-windows-ix86+x86_64 0.2-6 373.00 76.00 449.00 NOTE
r-oldrel-osx-x86_64 0.2-6 ERROR

Check Details

Version: 0.2-6
Check: whether the package can be loaded
Result: ERROR
    Loading this package had a fatal error status code 1
    Loading log:
    Loading required package: rlecuyer
    Error: package or namespace load failed for 'rlecuyer':
     .onLoad failed in loadNamespace() for 'rlecuyer', details:
     call: .Call("r_create_current_stream", PACKAGE = "rlecuyer")
     error: WEIRD RETURN VALUE: (nil)
    Error: package 'rlecuyer' could not be loaded
    Execution halted
Flavor: r-devel-linux-x86_64-debian-clang

Version: 0.2-6
Check: installed package size
Result: NOTE
     installed size is 10.0Mb
     sub-directories of 1Mb or more:
     lib 9.6Mb
Flavors: r-devel-linux-x86_64-fedora-clang, r-devel-windows-ix86+x86_64, r-release-windows-ix86+x86_64, r-oldrel-windows-ix86+x86_64

Version: 0.2-6
Check: package dependencies
Result: ERROR
    Package required but not available: ‘pbdMPI’
    
    See section ‘The DESCRIPTION file’ in the ‘Writing R Extensions’
    manual.
Flavors: r-release-osx-x86_64, r-oldrel-osx-x86_64