CRAN Package Check Results for Package pbdPROF

Last updated on 2019-07-16 05:48:25 CEST.

Flavor Version Tinstall Tcheck Ttotal Status Flags
r-devel-linux-x86_64-debian-clang 0.3-1 6.92 32.88 39.80 OK
r-devel-linux-x86_64-debian-gcc 0.3-1 4.86 26.51 31.37 OK
r-devel-linux-x86_64-fedora-clang 0.3-1 50.77 OK
r-devel-linux-x86_64-fedora-gcc 0.3-1 48.63 OK
r-devel-windows-ix86+x86_64 0.3-1 12.00 63.00 75.00 OK
r-patched-linux-x86_64 0.3-1 6.02 32.66 38.68 OK
r-patched-solaris-x86 0.3-1 67.50 OK
r-release-linux-x86_64 0.3-1 6.03 32.61 38.64 OK
r-release-windows-ix86+x86_64 0.3-1 13.00 85.00 98.00 OK
r-release-osx-x86_64 0.3-1 ERROR
r-oldrel-windows-ix86+x86_64 0.3-1 11.00 57.00 68.00 OK
r-oldrel-osx-x86_64 0.3-1 ERROR

Check Details

Version: 0.3-1
Check: whether package can be installed
Result: ERROR
    Installation failed.
Flavors: r-release-osx-x86_64, r-oldrel-osx-x86_64