CRAN Package Check Results for Package pbdPROF

Last updated on 2019-11-18 10:48:21 CET.

Flavor Version Tinstall Tcheck Ttotal Status Flags
r-devel-linux-x86_64-debian-clang 0.4-0 8.13 34.27 42.40 OK
r-devel-linux-x86_64-debian-gcc 0.4-0 6.10 27.25 33.35 OK
r-devel-linux-x86_64-fedora-clang 0.4-0 53.33 OK
r-devel-linux-x86_64-fedora-gcc 0.4-0 54.57 OK
r-devel-windows-ix86+x86_64 0.4-0 20.00 79.00 99.00 OK
r-patched-linux-x86_64 0.3-1 5.60 32.49 38.09 OK
r-patched-solaris-x86 0.4-0 63.00 OK
r-release-linux-x86_64 0.3-1 5.87 32.12 37.99 OK
r-release-windows-ix86+x86_64 0.4-0 10.00 60.00 70.00 OK
r-release-osx-x86_64 0.4-0 ERROR
r-oldrel-windows-ix86+x86_64 0.3-1 11.00 57.00 68.00 OK
r-oldrel-osx-x86_64 0.4-0 ERROR

Check Details

Version: 0.4-0
Check: whether package can be installed
Result: ERROR
    Installation failed.
Flavors: r-release-osx-x86_64, r-oldrel-osx-x86_64