CRAN Package Check Results for Package paws.database

Last updated on 2021-04-21 05:48:45 CEST.

Flavor Version Tinstall Tcheck Ttotal Status Flags
r-devel-linux-x86_64-debian-clang 0.1.11 59.93 99.32 159.25 NOTE
r-devel-linux-x86_64-debian-gcc 0.1.11 45.26 73.64 118.90 NOTE
r-devel-linux-x86_64-fedora-clang 0.1.11 211.29 NOTE
r-devel-linux-x86_64-fedora-gcc 0.1.11 187.69 NOTE
r-devel-windows-ix86+x86_64 0.1.11 63.00 82.00 145.00 NOTE
r-devel-windows-x86_64-gcc10-UCRT 0.1.11 NOTE
r-patched-linux-x86_64 0.1.11 63.61 94.36 157.97 OK
r-patched-solaris-x86 0.1.11 233.80 OK
r-release-linux-x86_64 0.1.11 53.75 96.17 149.92 OK
r-release-macos-x86_64 0.1.11 OK
r-release-windows-ix86+x86_64 0.1.11 88.00 106.00 194.00 OK
r-oldrel-macos-x86_64 0.1.11 OK
r-oldrel-windows-ix86+x86_64 0.1.11 81.00 117.00 198.00 OK

Check Details

Version: 0.1.11
Check: LazyData
Result: NOTE
     'LazyData' is specified without a 'data' directory
Flavors: r-devel-linux-x86_64-debian-clang, r-devel-linux-x86_64-debian-gcc, r-devel-linux-x86_64-fedora-clang, r-devel-linux-x86_64-fedora-gcc, r-devel-windows-ix86+x86_64, r-devel-windows-x86_64-gcc10-UCRT