CRAN Package Check Results for Package partitionBEFsp

Last updated on 2024-04-19 18:05:36 CEST.

Flavor Version Tinstall Tcheck Ttotal Status Flags
r-devel-linux-x86_64-debian-clang 1.0 2.04 24.06 26.10 NOTE
r-devel-linux-x86_64-debian-gcc 1.0 NOTE
r-devel-linux-x86_64-fedora-clang 1.0 33.13 NOTE
r-devel-linux-x86_64-fedora-gcc 1.0 31.51 NOTE
r-prerel-macos-arm64 1.0 15.00 NOTE
r-prerel-windows-x86_64 1.0 3.00 46.00 49.00 NOTE
r-patched-linux-x86_64 1.0 2.17 22.88 25.05 NOTE
r-release-linux-x86_64 1.0 1.71 23.64 25.35 NOTE
r-release-macos-arm64 1.0 17.00 NOTE
r-release-macos-x86_64 1.0 21.00 NOTE
r-release-windows-x86_64 1.0 6.00 43.00 49.00 NOTE
r-oldrel-macos-arm64 1.0 17.00 NOTE
r-oldrel-windows-x86_64 1.0 6.00 53.00 59.00 NOTE

Check Details

Version: 1.0
Check: LazyData
Result: NOTE 'LazyData' is specified without a 'data' directory Flavors: r-devel-linux-x86_64-debian-clang, r-devel-linux-x86_64-debian-gcc, r-devel-linux-x86_64-fedora-clang, r-devel-linux-x86_64-fedora-gcc, r-prerel-macos-arm64, r-prerel-windows-x86_64, r-patched-linux-x86_64, r-release-linux-x86_64, r-release-macos-arm64, r-release-macos-x86_64, r-release-windows-x86_64, r-oldrel-macos-arm64, r-oldrel-windows-x86_64