Last updated on 2021-04-22 11:50:24 CEST.
Flavor | Version | Tinstall | Tcheck | Ttotal | Status | Flags |
---|---|---|---|---|---|---|
r-devel-linux-x86_64-debian-clang | 0.1.6 | 100.85 | 74.62 | 175.47 | NOTE | |
r-devel-linux-x86_64-debian-gcc | 0.1.6 | 63.04 | 58.25 | 121.29 | NOTE | |
r-devel-linux-x86_64-fedora-clang | 0.1.6 | 241.26 | NOTE | |||
r-devel-linux-x86_64-fedora-gcc | 0.1.6 | 210.10 | NOTE | |||
r-devel-windows-ix86+x86_64 | 0.1.6 | 214.00 | 135.00 | 349.00 | NOTE | |
r-devel-windows-x86_64-gcc10-UCRT | 0.1.6 | NOTE | ||||
r-patched-linux-x86_64 | 0.1.6 | 79.24 | 70.25 | 149.49 | OK | |
r-patched-solaris-x86 | 0.1.6 | 226.00 | OK | |||
r-release-linux-x86_64 | 0.1.6 | 77.40 | 70.30 | 147.70 | OK | |
r-release-macos-x86_64 | 0.1.6 | OK | ||||
r-release-windows-ix86+x86_64 | 0.1.6 | 218.00 | 141.00 | 359.00 | OK | |
r-oldrel-macos-x86_64 | 0.1.6 | OK | ||||
r-oldrel-windows-ix86+x86_64 | 0.1.6 | 172.00 | 134.00 | 306.00 | OK |
Version: 0.1.6
Check: LazyData
Result: NOTE
'LazyData' is specified without a 'data' directory
Flavors: r-devel-linux-x86_64-debian-clang, r-devel-linux-x86_64-debian-gcc, r-devel-linux-x86_64-fedora-clang, r-devel-linux-x86_64-fedora-gcc, r-devel-windows-ix86+x86_64, r-devel-windows-x86_64-gcc10-UCRT