CRAN Package Check Results for Package overture

Last updated on 2024-05-28 05:54:58 CEST.

Flavor Version Tinstall Tcheck Ttotal Status Flags
r-devel-linux-x86_64-debian-clang 0.4-0 1.48 33.55 35.03 NOTE
r-devel-linux-x86_64-debian-gcc 0.4-0 1.87 25.35 27.22 NOTE
r-devel-linux-x86_64-fedora-clang 0.4-0 45.26 NOTE
r-devel-linux-x86_64-fedora-gcc 0.4-0 53.76 NOTE
r-devel-windows-x86_64 0.4-0 3.00 47.00 50.00 NOTE
r-patched-linux-x86_64 0.4-0 4.95 32.41 37.36 NOTE
r-release-linux-x86_64 0.4-0 2.46 32.10 34.56 NOTE
r-release-macos-arm64 0.4-0 22.00 NOTE
r-release-windows-x86_64 0.4-0 2.00 48.00 50.00 NOTE
r-oldrel-macos-arm64 0.4-0 24.00 NOTE
r-oldrel-macos-x86_64 0.4-0 35.00 NOTE
r-oldrel-windows-x86_64 0.4-0 3.00 50.00 53.00 NOTE

Check Details

Version: 0.4-0
Check: LazyData
Result: NOTE 'LazyData' is specified without a 'data' directory Flavors: r-devel-linux-x86_64-debian-clang, r-devel-linux-x86_64-debian-gcc, r-devel-linux-x86_64-fedora-clang, r-devel-linux-x86_64-fedora-gcc, r-devel-windows-x86_64, r-patched-linux-x86_64, r-release-linux-x86_64, r-release-macos-arm64, r-release-windows-x86_64, r-oldrel-macos-arm64, r-oldrel-macos-x86_64, r-oldrel-windows-x86_64