CRAN Package Check Results for Package orthoDr

Last updated on 2019-02-15 15:50:56 CET.

Flavor Version Tinstall Tcheck Ttotal Status Flags
r-devel-linux-x86_64-debian-clang 0.5.1 187.19 77.20 264.39 OK
r-devel-linux-x86_64-debian-gcc 0.5.1 135.75 61.41 197.16 OK
r-devel-linux-x86_64-fedora-clang 0.5.1 377.57 NOTE
r-devel-linux-x86_64-fedora-gcc 0.5.1 338.48 OK
r-devel-windows-ix86+x86_64 0.5.1 455.00 126.00 581.00 OK
r-patched-linux-x86_64 0.5.1 172.85 73.16 246.01 OK
r-patched-solaris-x86 0.5.1 334.60 OK
r-release-linux-x86_64 0.5.1 167.48 72.99 240.47 OK
r-release-windows-ix86+x86_64 0.5.1 334.00 158.00 492.00 OK
r-release-osx-x86_64 0.5.1 NOTE
r-oldrel-windows-ix86+x86_64 0.5.1 501.00 163.00 664.00 OK
r-oldrel-osx-x86_64 0.5.1 NOTE

Check Details

Version: 0.5.1
Check: installed package size
Result: NOTE
     installed size is 11.9Mb
     sub-directories of 1Mb or more:
     libs 11.6Mb
Flavors: r-devel-linux-x86_64-fedora-clang, r-release-osx-x86_64, r-oldrel-osx-x86_64