CRAN Package Check Results for Package optrefine

Last updated on 2024-05-25 00:58:33 CEST.

Flavor Version Tinstall Tcheck Ttotal Status Flags
r-devel-linux-x86_64-debian-clang 1.1.0 6.82 129.11 135.93 NOTE
r-devel-linux-x86_64-debian-gcc 1.1.0 5.57 90.55 96.12 NOTE
r-devel-linux-x86_64-fedora-clang 1.1.0 164.75 NOTE
r-devel-linux-x86_64-fedora-gcc 1.1.0 155.01 NOTE
r-devel-windows-x86_64 1.1.0 8.00 107.00 115.00 NOTE
r-patched-linux-x86_64 1.1.0 6.19 122.30 128.49 NOTE
r-release-linux-x86_64 1.1.0 7.62 121.84 129.46 NOTE
r-release-macos-arm64 1.1.0 46.00 NOTE
r-release-windows-x86_64 1.1.0 9.00 107.00 116.00 NOTE
r-oldrel-macos-arm64 1.1.0 50.00 NOTE
r-oldrel-macos-x86_64 1.1.0 99.00 NOTE
r-oldrel-windows-x86_64 1.1.0 9.00 124.00 133.00 NOTE

Check Details

Version: 1.1.0
Check: package dependencies
Result: NOTE Package suggested but not available for checking: ‘gurobi’ Flavors: r-devel-linux-x86_64-debian-clang, r-devel-linux-x86_64-debian-gcc, r-devel-linux-x86_64-fedora-clang, r-devel-linux-x86_64-fedora-gcc, r-devel-windows-x86_64, r-patched-linux-x86_64, r-release-linux-x86_64, r-release-macos-arm64, r-release-windows-x86_64, r-oldrel-macos-arm64, r-oldrel-macos-x86_64, r-oldrel-windows-x86_64

Version: 1.1.0
Check: Rd files
Result: NOTE checkRd: (-1) best_split.Rd:61-63: Lost braces in \itemize; \value handles \item{}{} directly checkRd: (-1) best_split.Rd:64: Lost braces in \itemize; \value handles \item{}{} directly checkRd: (-1) best_split.Rd:65-66: Lost braces in \itemize; \value handles \item{}{} directly checkRd: (-1) best_split.Rd:67: Lost braces in \itemize; \value handles \item{}{} directly checkRd: (-1) best_split.Rd:68-69: Lost braces in \itemize; \value handles \item{}{} directly checkRd: (-1) best_split.Rd:70-71: Lost braces in \itemize; \value handles \item{}{} directly checkRd: (-1) best_split.Rd:72-73: Lost braces in \itemize; \value handles \item{}{} directly checkRd: (-1) rand_pvals.Rd:84-85: Lost braces in \itemize; meant \describe ? checkRd: (-1) rand_pvals.Rd:86-89: Lost braces in \itemize; meant \describe ? checkRd: (-1) rand_pvals.Rd:90-91: Lost braces in \itemize; meant \describe ? checkRd: (-1) rand_pvals.Rd:92-93: Lost braces in \itemize; meant \describe ? checkRd: (-1) rand_pvals.Rd:39-43: Lost braces in \itemize; \value handles \item{}{} directly checkRd: (-1) rand_pvals.Rd:44-48: Lost braces in \itemize; \value handles \item{}{} directly checkRd: (-1) rand_pvals.Rd:49-54: Lost braces in \itemize; \value handles \item{}{} directly checkRd: (-1) refine.Rd:59-61: Lost braces in \itemize; meant \describe ? checkRd: (-1) refine.Rd:62: Lost braces in \itemize; meant \describe ? checkRd: (-1) refine.Rd:63-66: Lost braces in \itemize; meant \describe ? checkRd: (-1) refine.Rd:67-70: Lost braces in \itemize; meant \describe ? checkRd: (-1) refine.Rd:71-72: Lost braces in \itemize; meant \describe ? checkRd: (-1) refine.Rd:73-74: Lost braces in \itemize; meant \describe ? checkRd: (-1) refine.Rd:75-76: Lost braces in \itemize; meant \describe ? checkRd: (-1) refine.Rd:77: Lost braces in \itemize; meant \describe ? checkRd: (-1) refine.Rd:29: Lost braces in \itemize; \value handles \item{}{} directly checkRd: (-1) refine.Rd:30: Lost braces in \itemize; \value handles \item{}{} directly checkRd: (-1) refine.Rd:31: Lost braces in \itemize; \value handles \item{}{} directly checkRd: (-1) refine.Rd:32: Lost braces in \itemize; \value handles \item{}{} directly checkRd: (-1) refine.Rd:33-47: Lost braces in \itemize; \value handles \item{}{} directly checkRd: (-1) refine.Rd:35-36: Lost braces in \itemize; \value handles \item{}{} directly checkRd: (-1) refine.Rd:37: Lost braces in \itemize; \value handles \item{}{} directly checkRd: (-1) refine.Rd:38-39: Lost braces in \itemize; \value handles \item{}{} directly checkRd: (-1) refine.Rd:40-41: Lost braces in \itemize; \value handles \item{}{} directly checkRd: (-1) refine.Rd:42: Lost braces in \itemize; \value handles \item{}{} directly checkRd: (-1) refine.Rd:43-44: Lost braces in \itemize; \value handles \item{}{} directly checkRd: (-1) refine.Rd:45: Lost braces in \itemize; \value handles \item{}{} directly checkRd: (-1) split_stratum.Rd:56: Lost braces in \itemize; \value handles \item{}{} directly checkRd: (-1) split_stratum.Rd:57-58: Lost braces in \itemize; \value handles \item{}{} directly checkRd: (-1) split_stratum.Rd:59: Lost braces in \itemize; \value handles \item{}{} directly checkRd: (-1) split_stratum.Rd:60-61: Lost braces in \itemize; \value handles \item{}{} directly checkRd: (-1) split_stratum.Rd:62: Lost braces in \itemize; \value handles \item{}{} directly checkRd: (-1) split_stratum.Rd:63: Lost braces in \itemize; \value handles \item{}{} directly checkRd: (-1) table_rand_pvals.Rd:54-55: Lost braces in \itemize; meant \describe ? checkRd: (-1) table_rand_pvals.Rd:56-59: Lost braces in \itemize; meant \describe ? checkRd: (-1) table_rand_pvals.Rd:60-61: Lost braces in \itemize; meant \describe ? checkRd: (-1) table_rand_pvals.Rd:62-63: Lost braces in \itemize; meant \describe ? Flavors: r-devel-linux-x86_64-debian-clang, r-devel-linux-x86_64-debian-gcc, r-devel-linux-x86_64-fedora-clang, r-devel-linux-x86_64-fedora-gcc, r-devel-windows-x86_64, r-patched-linux-x86_64, r-release-linux-x86_64, r-release-macos-arm64, r-release-windows-x86_64