CRAN Package Check Results for Package opticut

Last updated on 2021-02-27 10:56:39 CET.

Flavor Version Tinstall Tcheck Ttotal Status Flags
r-devel-linux-x86_64-debian-clang 0.1-2 9.71 85.53 95.24 OK
r-devel-linux-x86_64-debian-gcc 0.1-2 8.76 65.09 73.85 OK
r-devel-linux-x86_64-fedora-clang 0.1-2 125.19 OK
r-devel-linux-x86_64-fedora-gcc 0.1-2 113.54 OK
r-devel-windows-ix86+x86_64 0.1-2 15.00 77.00 92.00 OK
r-patched-linux-x86_64 0.1-2 10.49 79.24 89.73 OK
r-patched-solaris-x86 0.1-2 175.00 OK
r-release-linux-x86_64 0.1-2 10.57 78.56 89.13 OK
r-release-macos-x86_64 0.1-2 OK
r-release-windows-ix86+x86_64 0.1-2 23.00 10.00 33.00 ERROR
r-oldrel-macos-x86_64 0.1-2 OK
r-oldrel-windows-ix86+x86_64 0.1-2 15.00 85.00 100.00 OK

Check Details

Version: 0.1-2
Check: whether package can be installed
Result: ERROR
    Installation failed.
Flavor: r-release-windows-ix86+x86_64