CRAN Package Check Results for Package openVA

Last updated on 2021-04-21 11:53:37 CEST.

Flavor Version Tinstall Tcheck Ttotal Status Flags
r-devel-linux-x86_64-debian-clang 1.0.12 7.46 117.02 124.48 NOTE
r-devel-linux-x86_64-debian-gcc 1.0.12 6.60 89.74 96.34 NOTE
r-devel-linux-x86_64-fedora-clang 1.0.12 162.56 NOTE
r-devel-linux-x86_64-fedora-gcc 1.0.12 148.81 NOTE
r-devel-windows-ix86+x86_64 1.0.12 16.00 105.00 121.00 OK
r-devel-windows-x86_64-gcc10-UCRT 1.0.12 NOTE
r-patched-linux-x86_64 1.0.12 8.47 115.01 123.48 NOTE
r-patched-solaris-x86 1.0.12 216.80 NOTE
r-release-linux-x86_64 1.0.12 7.45 111.02 118.47 NOTE
r-release-macos-x86_64 1.0.12 NOTE
r-release-windows-ix86+x86_64 1.0.12 21.00 127.00 148.00 OK
r-oldrel-macos-x86_64 1.0.12 OK
r-oldrel-windows-ix86+x86_64 1.0.12 17.00 131.00 148.00 OK

Check Details

Version: 1.0.12
Check: package dependencies
Result: NOTE
    Package suggested but not available for checking: 'nbc4va'
Flavors: r-devel-linux-x86_64-debian-clang, r-devel-linux-x86_64-debian-gcc, r-devel-linux-x86_64-fedora-clang, r-devel-linux-x86_64-fedora-gcc, r-devel-windows-x86_64-gcc10-UCRT, r-patched-linux-x86_64, r-patched-solaris-x86, r-release-linux-x86_64, r-release-macos-x86_64