CRAN Package Check Results for Package occCite

Last updated on 2021-04-19 05:47:06 CEST.

Flavor Version Tinstall Tcheck Ttotal Status Flags
r-devel-linux-x86_64-debian-clang 0.4.6 10.12 118.08 128.20 OK
r-devel-linux-x86_64-debian-gcc 0.4.6 8.09 89.89 97.98 OK
r-devel-linux-x86_64-fedora-clang 0.4.6 159.98 NOTE
r-devel-linux-x86_64-fedora-gcc 0.4.6 148.13 NOTE
r-devel-windows-ix86+x86_64 0.4.6 16.00 142.00 158.00 OK
r-devel-windows-x86_64-gcc10-UCRT 0.4.6 NOTE
r-patched-linux-x86_64 0.4.6 9.52 110.37 119.89 OK
r-patched-solaris-x86 0.4.6 211.90 NOTE
r-release-linux-x86_64 0.4.6 9.34 111.78 121.12 OK
r-release-macos-x86_64 0.4.6 NOTE
r-release-windows-ix86+x86_64 0.4.6 23.00 153.00 176.00 OK
r-oldrel-macos-x86_64 0.4.6 NOTE
r-oldrel-windows-ix86+x86_64 0.4.6 12.00 177.00 189.00 OK

Check Details

Version: 0.4.6
Check: dependencies in R code
Result: NOTE
    Namespaces in Imports field not imported from:
     ‘ape’ ‘bit64’ ‘knitr’ ‘magrittr’
     All declared Imports should be used.
Flavors: r-devel-linux-x86_64-fedora-clang, r-devel-linux-x86_64-fedora-gcc, r-devel-windows-x86_64-gcc10-UCRT, r-patched-solaris-x86, r-release-macos-x86_64, r-oldrel-macos-x86_64

Version: 0.4.6
Check: data for non-ASCII characters
Result: NOTE
     Note: found 6 marked UTF-8 strings
Flavors: r-devel-linux-x86_64-fedora-clang, r-devel-linux-x86_64-fedora-gcc, r-patched-solaris-x86, r-release-macos-x86_64, r-oldrel-macos-x86_64

Version: 0.4.6
Check: data for non-ASCII characters
Result: NOTE
     Note: found 6 marked Latin-1 strings
Flavor: r-devel-windows-x86_64-gcc10-UCRT