Last updated on 2021-04-21 05:48:44 CEST.
Flavor | Version | Tinstall | Tcheck | Ttotal | Status | Flags |
---|---|---|---|---|---|---|
r-devel-linux-x86_64-debian-clang | 1.0 | 2.32 | 23.98 | 26.30 | OK | |
r-devel-linux-x86_64-debian-gcc | 1.0 | 1.94 | 19.23 | 21.17 | OK | |
r-devel-linux-x86_64-fedora-clang | 1.0 | 42.13 | NOTE | |||
r-devel-linux-x86_64-fedora-gcc | 1.0 | 33.52 | NOTE | |||
r-devel-windows-ix86+x86_64 | 1.0 | 6.00 | 27.00 | 33.00 | OK | |
r-devel-windows-x86_64-gcc10-UCRT | 1.0 | NOTE | ||||
r-patched-linux-x86_64 | 1.0 | 2.50 | 23.40 | 25.90 | OK | |
r-patched-solaris-x86 | 1.0 | 50.70 | NOTE | |||
r-release-linux-x86_64 | 1.0 | 2.49 | 23.46 | 25.95 | OK | |
r-release-macos-x86_64 | 1.0 | NOTE | ||||
r-release-windows-ix86+x86_64 | 1.0 | 7.00 | 38.00 | 45.00 | OK | |
r-oldrel-macos-x86_64 | 1.0 | NOTE | ||||
r-oldrel-windows-ix86+x86_64 | 1.0 | 3.00 | 35.00 | 38.00 | OK |
Version: 1.0
Check: data for non-ASCII characters
Result: NOTE
Note: found 1 marked UTF-8 string
Flavors: r-devel-linux-x86_64-fedora-clang, r-devel-linux-x86_64-fedora-gcc, r-devel-windows-x86_64-gcc10-UCRT, r-patched-solaris-x86, r-release-macos-x86_64, r-oldrel-macos-x86_64