CRAN Package Check Results for Package npst

Last updated on 2019-02-18 16:51:53 CET.

Flavor Version Tinstall Tcheck Ttotal Status Flags
r-devel-linux-x86_64-debian-clang 2.0 1.62 17.37 18.99 NOTE
r-devel-linux-x86_64-debian-gcc 2.0 1.25 14.24 15.49 NOTE
r-devel-linux-x86_64-fedora-clang 2.0 24.47 NOTE
r-devel-linux-x86_64-fedora-gcc 2.0 22.34 NOTE
r-devel-windows-ix86+x86_64 2.0 9.00 32.00 41.00 NOTE
r-patched-linux-x86_64 2.0 1.09 16.32 17.41 NOTE
r-patched-solaris-x86 2.0 33.40 NOTE
r-release-linux-x86_64 2.0 NOTE
r-release-windows-ix86+x86_64 2.0 5.00 34.00 39.00 NOTE
r-release-osx-x86_64 2.0 NOTE
r-oldrel-windows-ix86+x86_64 2.0 7.00 44.00 51.00 NOTE
r-oldrel-osx-x86_64 2.0 NOTE

Check Details

Version: 2.0
Check: dependencies in R code
Result: NOTE
    'library' or 'require' call to ‘parallel’ in package code.
     Please use :: or requireNamespace() instead.
     See section 'Suggested packages' in the 'Writing R Extensions' manual.
Flavors: r-devel-linux-x86_64-debian-clang, r-devel-linux-x86_64-debian-gcc, r-devel-linux-x86_64-fedora-clang, r-devel-linux-x86_64-fedora-gcc, r-devel-windows-ix86+x86_64, r-patched-linux-x86_64, r-patched-solaris-x86, r-release-linux-x86_64, r-release-windows-ix86+x86_64, r-release-osx-x86_64, r-oldrel-windows-ix86+x86_64, r-oldrel-osx-x86_64

Version: 2.0
Check: R code for possible problems
Result: NOTE
    npst: no visible global function definition for ‘mclapply’
    Undefined global functions or variables:
     mclapply
Flavors: r-devel-linux-x86_64-debian-clang, r-devel-linux-x86_64-debian-gcc, r-devel-linux-x86_64-fedora-clang, r-devel-linux-x86_64-fedora-gcc, r-devel-windows-ix86+x86_64, r-patched-linux-x86_64, r-patched-solaris-x86, r-release-linux-x86_64, r-release-windows-ix86+x86_64, r-release-osx-x86_64, r-oldrel-windows-ix86+x86_64, r-oldrel-osx-x86_64

Version: 2.0
Check: compiled code
Result: NOTE
    File ‘npst/libs/npst.so’:
     Found no calls to: ‘R_registerRoutines’, ‘R_useDynamicSymbols’
    
    It is good practice to register native routines and to disable symbol
    search.
    
    See ‘Writing portable packages’ in the ‘Writing R Extensions’ manual.
Flavors: r-devel-linux-x86_64-fedora-clang, r-devel-linux-x86_64-fedora-gcc