CRAN Package Check Results for Package notifyme

Last updated on 2024-05-18 17:56:07 CEST.

Flavor Version Tinstall Tcheck Ttotal Status Flags
r-devel-linux-x86_64-debian-clang 0.3.0 2.24 22.12 24.36 NOTE
r-devel-linux-x86_64-debian-gcc 0.3.0 1.84 17.49 19.33 NOTE
r-devel-linux-x86_64-fedora-clang 0.3.0 31.43 NOTE
r-devel-linux-x86_64-fedora-gcc 0.3.0 34.84 NOTE
r-devel-windows-x86_64 0.3.0 3.00 41.00 44.00 NOTE
r-patched-linux-x86_64 0.3.0 2.03 21.95 23.98 NOTE
r-release-linux-x86_64 0.3.0 2.27 21.68 23.95 NOTE
r-release-macos-arm64 0.3.0 15.00 NOTE
r-release-windows-x86_64 0.3.0 5.00 41.00 46.00 NOTE
r-oldrel-macos-arm64 0.3.0 19.00 NOTE
r-oldrel-macos-x86_64 0.3.0 19.00 NOTE
r-oldrel-windows-x86_64 0.3.0 4.00 42.00 46.00 NOTE

Check Details

Version: 0.3.0
Check: LazyData
Result: NOTE 'LazyData' is specified without a 'data' directory Flavors: r-devel-linux-x86_64-debian-clang, r-devel-linux-x86_64-debian-gcc, r-devel-linux-x86_64-fedora-clang, r-devel-linux-x86_64-fedora-gcc, r-devel-windows-x86_64, r-patched-linux-x86_64, r-release-linux-x86_64, r-release-macos-arm64, r-release-windows-x86_64, r-oldrel-macos-arm64, r-oldrel-macos-x86_64, r-oldrel-windows-x86_64