CRAN Package Check Results for Package nominatimlite

Last updated on 2024-05-29 00:54:32 CEST.

Flavor Version Tinstall Tcheck Ttotal Status Flags
r-devel-linux-x86_64-debian-clang 0.3.0 1.98 46.77 48.75 OK
r-devel-linux-x86_64-debian-gcc 0.3.0 2.35 35.29 37.64 OK
r-devel-linux-x86_64-fedora-clang 0.4.0 71.37 NOTE
r-devel-linux-x86_64-fedora-gcc 0.4.0 80.17 NOTE
r-devel-windows-x86_64 0.3.0 4.00 64.00 68.00 OK
r-patched-linux-x86_64 0.3.0 3.62 45.21 48.83 OK
r-release-linux-x86_64 0.3.0 3.15 44.00 47.15 OK
r-release-macos-arm64 0.4.0 68.00 OK
r-release-macos-x86_64 0.3.0 74.00 OK
r-release-windows-x86_64 0.4.0 6.00 78.00 84.00 OK
r-oldrel-macos-arm64 0.4.0 70.00 OK
r-oldrel-macos-x86_64 0.3.0 68.00 OK
r-oldrel-windows-x86_64 0.3.0 4.00 67.00 71.00 OK

Check Details

Version: 0.4.0
Check: data for non-ASCII characters
Result: NOTE Note: found 4 marked UTF-8 strings Flavors: r-devel-linux-x86_64-fedora-clang, r-devel-linux-x86_64-fedora-gcc