CRAN Package Check Results for Package nnt

Last updated on 2021-04-20 05:47:41 CEST.

Flavor Version Tinstall Tcheck Ttotal Status Flags
r-devel-linux-x86_64-debian-clang 0.1.4 7.82 62.42 70.24 NOTE
r-devel-linux-x86_64-debian-gcc 0.1.4 5.69 48.06 53.75 NOTE
r-devel-linux-x86_64-fedora-clang 0.1.4 97.13 NOTE
r-devel-linux-x86_64-fedora-gcc 0.1.4 84.39 NOTE
r-devel-windows-ix86+x86_64 0.1.4 17.00 57.00 74.00 NOTE
r-devel-windows-x86_64-gcc10-UCRT 0.1.4 NOTE
r-patched-linux-x86_64 0.1.4 7.70 57.86 65.56 OK
r-patched-solaris-x86 0.1.4 125.50 OK
r-release-linux-x86_64 0.1.4 6.73 57.67 64.40 OK
r-release-macos-x86_64 0.1.4 OK
r-release-windows-ix86+x86_64 0.1.4 17.00 82.00 99.00 OK
r-oldrel-macos-x86_64 0.1.4 OK
r-oldrel-windows-ix86+x86_64 0.1.4 10.00 73.00 83.00 OK

Check Details

Version: 0.1.4
Check: LazyData
Result: NOTE
     'LazyData' is specified without a 'data' directory
Flavors: r-devel-linux-x86_64-debian-clang, r-devel-linux-x86_64-debian-gcc, r-devel-linux-x86_64-fedora-clang, r-devel-linux-x86_64-fedora-gcc, r-devel-windows-ix86+x86_64, r-devel-windows-x86_64-gcc10-UCRT