Last updated on 2021-01-19 16:47:53 CET.
Flavor | Version | Tinstall | Tcheck | Ttotal | Status | Flags |
---|---|---|---|---|---|---|
r-devel-linux-x86_64-debian-clang | 0.4.1 | 6.56 | 71.74 | 78.30 | OK | |
r-devel-linux-x86_64-debian-gcc | 0.4.1 | 5.26 | 55.83 | 61.09 | OK | |
r-devel-linux-x86_64-fedora-clang | 0.4.1 | 104.51 | NOTE | |||
r-devel-linux-x86_64-fedora-gcc | 0.4.1 | 96.63 | NOTE | |||
r-devel-windows-ix86+x86_64 | 0.4.1 | 15.00 | 115.00 | 130.00 | OK | |
r-patched-linux-x86_64 | 0.4.1 | 6.42 | 68.21 | 74.63 | OK | |
r-patched-solaris-x86 | 0.4.1 | 123.30 | NOTE | |||
r-release-linux-x86_64 | 0.4.1 | 6.73 | 68.58 | 75.31 | OK | |
r-release-macos-x86_64 | 0.4.1 | NOTE | ||||
r-release-windows-ix86+x86_64 | 0.4.1 | 17.00 | 103.00 | 120.00 | OK | |
r-oldrel-macos-x86_64 | 0.4.1 | NOTE | ||||
r-oldrel-windows-ix86+x86_64 | 0.4.1 | 15.00 | 97.00 | 112.00 | OK |
Version: 0.4.1
Check: dependencies in R code
Result: NOTE
Namespaces in Imports field not imported from:
‘lwgeom’ ‘s2’
All declared Imports should be used.
Flavors: r-devel-linux-x86_64-fedora-clang, r-devel-linux-x86_64-fedora-gcc, r-patched-solaris-x86, r-release-macos-x86_64, r-oldrel-macos-x86_64