CRAN Package Check Results for Package nlcv

Last updated on 2021-05-09 17:46:56 CEST.

Flavor Version Tinstall Tcheck Ttotal Status Flags
r-devel-linux-x86_64-debian-clang 0.3.5 28.99 291.10 320.09 OK
r-devel-linux-x86_64-debian-gcc 0.3.5 23.33 217.16 240.49 OK
r-devel-linux-x86_64-fedora-clang 0.3.5 415.56 OK
r-devel-linux-x86_64-fedora-gcc 0.3.5 398.49 OK
r-devel-windows-ix86+x86_64 0.3.5 47.00 308.00 355.00 OK
r-devel-windows-x86_64-gcc10-UCRT 0.3.5 OK
r-patched-linux-x86_64 0.3.5 31.75 276.06 307.81 OK
r-patched-solaris-x86 0.3.5 474.20 OK
r-release-linux-x86_64 0.3.5 22.60 239.18 261.78 OK
r-release-macos-x86_64 0.3.5 NOTE
r-release-windows-ix86+x86_64 0.3.5 39.00 218.00 257.00 OK
r-oldrel-macos-x86_64 0.3.5 WARN
r-oldrel-windows-ix86+x86_64 0.3.5 63.00 242.00 305.00 OK

Check Details

Version: 0.3.5
Check: package dependencies
Result: NOTE
    Package suggested but not available for checking: ‘ALL’
Flavors: r-release-macos-x86_64, r-oldrel-macos-x86_64

Version: 0.3.5
Check: whether package can be installed
Result: WARN
    Found the following significant warnings:
     Warning: package ‘AnnotationDbi’ was built under R version 3.6.1
     Warning: package ‘IRanges’ was built under R version 3.6.1
     Warning: package ‘S4Vectors’ was built under R version 3.6.1
Flavor: r-oldrel-macos-x86_64