CRAN Package Check Results for Package netdiffuseR

Last updated on 2020-09-21 00:48:14 CEST.

Flavor Version Tinstall Tcheck Ttotal Status Flags
r-devel-linux-x86_64-debian-clang 1.22.0 157.94 350.86 508.80 OK
r-devel-linux-x86_64-debian-gcc 1.22.0 120.89 255.81 376.70 OK
r-devel-linux-x86_64-fedora-clang 1.22.0 632.48 ERROR
r-devel-linux-x86_64-fedora-gcc 1.22.0 599.18 ERROR
r-devel-windows-ix86+x86_64 1.22.0 348.00 328.00 676.00 NOTE --no-vignettes
r-patched-linux-x86_64 1.22.0 124.74 336.36 461.10 OK
r-patched-solaris-x86 1.22.0 657.40 OK
r-release-linux-x86_64 1.22.0 130.36 334.67 465.03 OK
r-release-macos-x86_64 1.22.0 NOTE
r-release-windows-ix86+x86_64 1.22.0 344.00 270.00 614.00 NOTE --no-vignettes
r-oldrel-macos-x86_64 1.22.0 NOTE
r-oldrel-windows-ix86+x86_64 1.22.0 240.00 387.00 627.00 NOTE --no-vignettes

Check Details

Version: 1.22.0
Check: installed package size
Result: NOTE
     installed size is 12.3Mb
     sub-directories of 1Mb or more:
     doc 2.2Mb
     libs 8.4Mb
Flavors: r-devel-linux-x86_64-fedora-clang, r-release-macos-x86_64, r-oldrel-macos-x86_64

Version: 1.22.0
Check: examples
Result: ERROR
    Running examples in ‘netdiffuseR-Ex.R’ failed
    The error most likely occurred in:
    
    > ### Name: exposure
    > ### Title: Ego exposure
    > ### Aliases: exposure
    > ### Keywords: univar
    >
    > ### ** Examples
    >
    > # Calculating lagged exposure -----------------------------------------------
    >
    > set.seed(8)
    > graph <- rdiffnet(20, 4)
    >
    > expo0 <- exposure(graph)
    > expo1 <- exposure(graph, lags = 1)
    >
    > # These should be equivalent
    > stopifnot(all(expo0[, -4] == expo1[, -1])) # No stop!
    >
    >
    > # Calculating the exposure based on Structural Equivalence ------------------
    > set.seed(113132)
    > graph <- rdiffnet(100, 4)
    >
    > SE <- lapply(struct_equiv(graph), "[[", "SE")
    Error in .TM.repl.i.mat(as(x, "TsparseMatrix"), i = i, value = value) :
     GC encountered a node (0xc51fde8) with an unknown SEXP type: 12 at memory.c:1787
    Calls: lapply ... euclidean_distance -> [<- -> [<- -> as -> .class1 -> .TM.repl.i.mat
    Execution halted
Flavor: r-devel-linux-x86_64-fedora-clang

Version: 1.22.0
Check: examples
Result: ERROR
    Running examples in ‘netdiffuseR-Ex.R’ failed
    The error most likely occurred in:
    
    > ### Name: exposure
    > ### Title: Ego exposure
    > ### Aliases: exposure
    > ### Keywords: univar
    >
    > ### ** Examples
    >
    > # Calculating lagged exposure -----------------------------------------------
    >
    > set.seed(8)
    > graph <- rdiffnet(20, 4)
    >
    > expo0 <- exposure(graph)
    > expo1 <- exposure(graph, lags = 1)
    >
    > # These should be equivalent
    > stopifnot(all(expo0[, -4] == expo1[, -1])) # No stop!
    >
    >
    > # Calculating the exposure based on Structural Equivalence ------------------
    > set.seed(113132)
    > graph <- rdiffnet(100, 4)
    >
    > SE <- lapply(struct_equiv(graph), "[[", "SE")
    Error in .TM.repl.i.mat(as(x, "TsparseMatrix"), i = i, value = value) :
     GC encountered a node (0xc17cb30) with an unknown SEXP type: 12 at memory.c:1787
    Calls: lapply ... euclidean_distance -> [<- -> [<- -> as -> .class1 -> .TM.repl.i.mat
    Execution halted
Flavor: r-devel-linux-x86_64-fedora-gcc

Version: 1.22.0
Flags: --no-vignettes
Check: installed package size
Result: NOTE
     installed size is 6.8Mb
     sub-directories of 1Mb or more:
     doc 2.2Mb
     libs 2.9Mb
Flavors: r-devel-windows-ix86+x86_64, r-release-windows-ix86+x86_64, r-oldrel-windows-ix86+x86_64