CRAN Package Check Results for Package netClust

Last updated on 2021-04-20 05:47:41 CEST.

Flavor Version Tinstall Tcheck Ttotal Status Flags
r-devel-linux-x86_64-debian-clang 1.0.1 62.92 31.65 94.57 OK
r-devel-linux-x86_64-debian-gcc 1.0.1 44.73 24.68 69.41 OK
r-devel-linux-x86_64-fedora-clang 1.0.1 141.30 OK
r-devel-linux-x86_64-fedora-gcc 1.0.1 117.16 OK
r-devel-windows-ix86+x86_64 1.0.1 125.00 64.00 189.00 OK
r-devel-windows-x86_64-gcc10-UCRT 1.0.1 OK
r-patched-linux-x86_64 1.0.1 47.50 30.49 77.99 OK
r-patched-solaris-x86 1.0.1 114.30 OK
r-release-linux-x86_64 1.0.1 47.74 30.80 78.54 OK
r-release-macos-x86_64 1.0.1 NOTE
r-release-windows-ix86+x86_64 1.0.1 121.00 83.00 204.00 OK
r-oldrel-macos-x86_64 1.0.1 NOTE
r-oldrel-windows-ix86+x86_64 1.0.1 74.00 73.00 147.00 OK

Check Details

Version: 1.0.1
Check: installed package size
Result: NOTE
     installed size is 5.8Mb
     sub-directories of 1Mb or more:
     libs 5.7Mb
Flavors: r-release-macos-x86_64, r-oldrel-macos-x86_64