Last updated on 2021-04-14 11:52:20 CEST.
Flavor | Version | Tinstall | Tcheck | Ttotal | Status | Flags |
---|---|---|---|---|---|---|
r-devel-linux-x86_64-debian-clang | 2.0.1 | 6.35 | 47.57 | 53.92 | OK | |
r-devel-linux-x86_64-debian-gcc | 2.0.1 | 4.68 | 36.78 | 41.46 | OK | |
r-devel-linux-x86_64-fedora-clang | 2.0.1 | 74.77 | OK | |||
r-devel-linux-x86_64-fedora-gcc | 2.0.1 | 67.09 | OK | |||
r-devel-windows-ix86+x86_64 | 2.0.1 | 12.00 | 68.00 | 80.00 | OK | |
r-devel-windows-x86_64-gcc10-UCRT | 2.0.1 | NOTE | ||||
r-patched-linux-x86_64 | 2.0.1 | 6.97 | 44.66 | 51.63 | OK | |
r-patched-solaris-x86 | 2.0.1 | 89.20 | OK | |||
r-release-linux-x86_64 | 2.0.1 | 6.18 | 44.61 | 50.79 | OK | |
r-release-macos-x86_64 | 2.0.1 | OK | ||||
r-release-windows-ix86+x86_64 | 2.0.1 | 16.00 | 67.00 | 83.00 | OK | |
r-oldrel-macos-x86_64 | 2.0.1 | OK | ||||
r-oldrel-windows-ix86+x86_64 | 2.0.1 | 9.00 | 50.00 | 59.00 | OK |
Version: 2.0.1
Check: package dependencies
Result: NOTE
Package suggested but not available for checking: 'rhdf5'
Flavor: r-devel-windows-x86_64-gcc10-UCRT