CRAN Package Check Results for Package neonPlantEcology

Last updated on 2024-04-22 17:56:56 CEST.

Flavor Version Tinstall Tcheck Ttotal Status Flags
r-devel-linux-x86_64-debian-clang 1.5.0 9.67 281.16 290.83 OK
r-devel-linux-x86_64-debian-gcc 1.5.0 7.84 204.18 212.02 OK
r-devel-linux-x86_64-fedora-clang 1.5.0 364.63 NOTE
r-devel-linux-x86_64-fedora-gcc 1.5.0 363.85 NOTE
r-prerel-macos-arm64 1.5.0 113.00 NOTE
r-prerel-macos-x86_64 1.5.0 131.00 NOTE
r-prerel-windows-x86_64 1.5.0 13.00 206.00 219.00 OK
r-patched-linux-x86_64 1.5.0 8.12 278.07 286.19 OK
r-release-linux-x86_64 1.5.0 10.24 273.50 283.74 OK
r-release-macos-arm64 1.5.0 89.00 OK
r-release-macos-x86_64 1.5.0 126.00 NOTE
r-release-windows-x86_64 1.5.0 17.00 247.00 264.00 OK
r-oldrel-macos-arm64 1.5.0 87.00 OK
r-oldrel-windows-x86_64 1.5.0 17.00 276.00 293.00 OK

Check Details

Version: 1.5.0
Check: data for non-ASCII characters
Result: NOTE Note: found 1008 marked UTF-8 strings Flavors: r-devel-linux-x86_64-fedora-clang, r-devel-linux-x86_64-fedora-gcc

Version: 1.5.0
Check: installed package size
Result: NOTE installed size is 5.1Mb sub-directories of 1Mb or more: data 4.6Mb Flavors: r-prerel-macos-arm64, r-prerel-macos-x86_64, r-release-macos-x86_64