CRAN Package Check Results for Package mumm

Last updated on 2021-05-08 11:50:32 CEST.

Flavor Version Tinstall Tcheck Ttotal Status Flags
r-devel-linux-x86_64-debian-clang 0.2.1 104.44 73.16 177.60 NOTE
r-devel-linux-x86_64-debian-gcc 0.2.1 82.72 57.03 139.75 NOTE
r-devel-linux-x86_64-fedora-clang 0.2.1 252.19 NOTE
r-devel-linux-x86_64-fedora-gcc 0.2.1 247.29 NOTE
r-devel-windows-ix86+x86_64 0.2.1 154.00 145.00 299.00 NOTE
r-devel-windows-x86_64-gcc10-UCRT 0.2.1 NOTE
r-patched-linux-x86_64 0.2.1 93.56 71.88 165.44 NOTE
r-patched-solaris-x86 0.2.1 243.60 OK
r-release-linux-x86_64 0.2.1 93.74 69.45 163.19 OK
r-release-macos-x86_64 0.2.1 NOTE
r-release-windows-ix86+x86_64 0.2.1 141.00 110.00 251.00 NOTE
r-oldrel-macos-x86_64 0.2.1 NOTE
r-oldrel-windows-ix86+x86_64 0.2.1 190.00 95.00 285.00 NOTE

Check Details

Version: 0.2.1
Check: LazyData
Result: NOTE
     'LazyData' is specified without a 'data' directory
Flavors: r-devel-linux-x86_64-debian-clang, r-devel-linux-x86_64-debian-gcc, r-devel-linux-x86_64-fedora-clang, r-devel-linux-x86_64-fedora-gcc, r-devel-windows-ix86+x86_64, r-devel-windows-x86_64-gcc10-UCRT, r-patched-linux-x86_64

Version: 0.2.1
Check: installed package size
Result: NOTE
     installed size is 26.7Mb
     sub-directories of 1Mb or more:
     libs 26.6Mb
Flavors: r-devel-linux-x86_64-fedora-clang, r-devel-windows-ix86+x86_64, r-release-macos-x86_64, r-release-windows-ix86+x86_64, r-oldrel-macos-x86_64, r-oldrel-windows-ix86+x86_64