CRAN Package Check Results for Package mscstts

Last updated on 2021-04-18 17:47:45 CEST.

Flavor Version Tinstall Tcheck Ttotal Status Flags
r-devel-linux-x86_64-debian-clang 0.6.2 2.49 29.86 32.35 OK
r-devel-linux-x86_64-debian-gcc 0.6.2 1.92 24.23 26.15 OK
r-devel-linux-x86_64-fedora-clang 0.6.2 51.06 NOTE
r-devel-linux-x86_64-fedora-gcc 0.6.2 38.29 NOTE
r-devel-windows-ix86+x86_64 0.6.2 5.00 4.00 9.00 ERROR
r-devel-windows-x86_64-gcc10-UCRT 0.6.2 NOTE
r-patched-linux-x86_64 0.6.2 2.40 28.95 31.35 OK
r-patched-solaris-x86 0.6.2 62.80 NOTE
r-release-linux-x86_64 0.6.2 2.46 29.21 31.67 OK
r-release-macos-x86_64 0.6.2 NOTE
r-release-windows-ix86+x86_64 0.6.2 15.00 49.00 64.00 OK
r-oldrel-macos-x86_64 0.6.2 NOTE
r-oldrel-windows-ix86+x86_64 0.6.2 3.00 46.00 49.00 OK

Check Details

Version: 0.6.2
Check: data for non-ASCII characters
Result: NOTE
     Note: found 26 marked UTF-8 strings
Flavors: r-devel-linux-x86_64-fedora-clang, r-devel-linux-x86_64-fedora-gcc, r-devel-windows-x86_64-gcc10-UCRT, r-patched-solaris-x86, r-release-macos-x86_64, r-oldrel-macos-x86_64

Version: 0.6.2
Check: whether package can be installed
Result: ERROR
    
    See * DONE
Flavor: r-devel-windows-ix86+x86_64